{"id":296436,"date":"2024-02-14T15:04:14","date_gmt":"2024-02-14T13:04:14","guid":{"rendered":"https:\/\/www.rarom.ro\/?page_id=296436"},"modified":"2025-05-07T15:33:55","modified_gmt":"2025-05-07T12:33:55","slug":"d-i","status":"publish","type":"page","link":"https:\/\/www.rarom.ro\/?page_id=296436","title":{"rendered":"D\u00ce"},"content":{"rendered":"\n<p><strong>Responsabilit\u0103\u021bi:<\/strong>&nbsp;Direc\u021bia \u00cencerc\u0103ri este responsabil\u0103 pentru activit\u0103\u021bile de \u00eencercare, inspec\u021bie \u0219i verificare a vehiculelor desf\u0103\u0219urate la centrele tehnice RAR din Voluntari (Ilfov) \u0219i Meri\u0219ani (Arge\u0219). Activit\u0103\u021bile includ evaluarea siguran\u021bei generale a vehiculelor, emisiilor poluante, consumului de combustibil \u0219i sistemelor ADAS \u00een condi\u021bii controlate din laborator, pe pista de \u00eencerc\u0103ri sau \u00een condi\u021bii reale de trafic.<\/p>\n\n\n<div class=\"wp-block-image\">\n<figure class=\"aligncenter size-full\"><a href=\"https:\/\/www.rarom.ro\/wp-content\/uploads\/2024\/02\/DI-pag-principala.png\"><img loading=\"lazy\" decoding=\"async\" width=\"800\" height=\"466\" src=\"https:\/\/www.rarom.ro\/wp-content\/uploads\/2024\/02\/DI-pag-principala.png\" alt=\"\" class=\"wp-image-296440\" srcset=\"https:\/\/www.rarom.ro\/wp-content\/uploads\/2024\/02\/DI-pag-principala.png 800w, https:\/\/www.rarom.ro\/wp-content\/uploads\/2024\/02\/DI-pag-principala-300x175.png 300w, https:\/\/www.rarom.ro\/wp-content\/uploads\/2024\/02\/DI-pag-principala-768x447.png 768w\" sizes=\"auto, (max-width: 800px) 100vw, 800px\" \/><\/a><\/figure><\/div>\n\n\n<div style=\"height:30px\" aria-hidden=\"true\" class=\"wp-block-spacer\"><\/div>\n\n\n\n<p><\/p>\n\n\n\n<p><strong>Notific\u0103ri \u0219i Omolog\u0103ri:<\/strong>&nbsp;\u00cen conformitate cu Acordul ONU din 1958 \u0219i Regulamentul (UE) 2018\/858, RAR prin intermediul D\u00ce este notificat de Guvernul Rom\u00e2niei la Comisia Economic\u0103 pentru Europa a ONU \u0219i la Comisia European\u0103, ca serviciu tehnic pentru omologarea \u0219i supravegherea pie\u021bei vehiculelor, remorcilor, sistemelor, componentelor \u0219i unit\u0103\u021bilor tehnice separate.<\/p>\n\n\n\n<p><strong>Scopul \u00eencerc\u0103rilor:<\/strong><\/p>\n\n\n\n<ul class=\"wp-block-list\">\n<li>Omologare de tip sau individual\u0103 pentru autovehicule \u0219i remorci, vehicule agricole \u0219i forestiere, vehicule cu dou\u0103 sau trei ro\u021bi \u0219i cvadricicluri;<\/li>\n\n\n\n<li>Certificare produse \u0219i autorizare agen\u021bi economici pentru modific\u0103ri constructive aduse vehiculelor;<\/li>\n\n\n\n<li>Determinarea consumului de combustibil \u0219i performan\u021belor sistemelor de propulsie electrice \u0219i hibride;<\/li>\n\n\n\n<li>Diverse teste \u00een condi\u021biile tehnice descrise de ter\u021bi, pentru dezvoltarea sau cercetarea solu\u021biilor aplicate vehiculelor rutiere;<\/li>\n\n\n\n<li>Clasificarea pe stele a autocarelor pentru transport turistic \u0219i public interna\u021bional.<\/li>\n<\/ul>\n\n\n\n<p><strong>Cadrul legislativ:<\/strong><\/p>\n\n\n\n<ul class=\"wp-block-list\">\n<li>Regulamentele (UE) 2018\/858, 2019\/2144, 2020\/683, 168\/2013, 167\/2013.<\/li>\n\n\n\n<li>Ordinul MTIC nr. 2224\/2020 \u0219i Ordinul nr. 1.224\/M.219\/2021.<\/li>\n\n\n\n<li>Acordul ONU din 1958 \u0219i revizia TRANS\/WP29\/343.<\/li>\n<\/ul>\n\n\n\n<p><strong>Clasificarea \u00eencerc\u0103rilor:<\/strong><\/p>\n\n\n\n<ol class=\"wp-block-list\" start=\"1\">\n<li><strong>Departament Siguran\u021b\u0103 General\u0103 \u0219i Sisteme de Propulsie<\/strong>:\n<ul class=\"wp-block-list\">\n<li>\u00cencerc\u0103ri privind rezisten\u021ba structurilor, ancoraje ale scaunelor \u0219i centurilor de siguran\u021b\u0103, sisteme de iluminare;<\/li>\n\n\n\n<li>\u00cencerc\u0103ri WLTP pentru norma de poluare Euro 6d, PEMS \u00een trafic real, determinarea consumului de combustibil \u0219i emisiilor de CO2, verific\u0103ri aplicate sistemului de propulsie al autovehiculelor electrice.<br><\/li>\n<\/ul>\n<\/li>\n\n\n\n<li><strong>Departament Siguran\u021b\u0103 Activ\u0103 \u0219i Sisteme Avansate<\/strong>:\n<ul class=\"wp-block-list\">\n<li>\u00cencerc\u0103ri dinamice pe pista de \u00eencerc\u0103ri pentru verificarea func\u021biilor ADAS, sistemelor de fr\u00e2nare, suspensie \u0219i direc\u021bie, performan\u021belor de accelerare \u0219i manevrabilitate etc.<\/li>\n<\/ul>\n<\/li>\n<\/ol>\n\n\n\n<p>Activit\u0103\u021bile care nu pot fi efectuate utiliz\u00e2nd infrastructura de \u00eencercare disponibil\u0103 \u00een loca\u0163iile proprii, sau la cererea expres\u0103 a clientului pentru asigurarea unui nivel mai ridicat de confiden\u021bialitate (prototipuri \u00eenainte de lansarea pe pia\u021b\u0103), se pot efectua \u00een unit\u0103\u0163ile produc\u0103torului sau ale unei ter\u0163e p\u0103r\u0163i evaluate de personal din cadrul Direc\u021biei \u00cencerc\u0103ri.<\/p>\n\n\n\n<div style=\"height:50px\" aria-hidden=\"true\" class=\"wp-block-spacer\"><\/div>\n\n\n\n<hr>\n\n\n\n<p><em><strong>Galerie foto<\/strong><\/em><\/p>\n\n\n\n<hr>\n\n\n\n<figure class=\"wp-block-gallery has-nested-images columns-6 is-cropped wp-block-gallery-1 is-layout-flex wp-block-gallery-is-layout-flex\">\n<figure class=\"wp-block-image size-large\"><a href=\"https:\/\/www.rarom.ro\/wp-content\/uploads\/2024\/02\/IMG_4912.jpg\"><img loading=\"lazy\" decoding=\"async\" width=\"1024\" height=\"683\" data-id=\"296447\" src=\"https:\/\/www.rarom.ro\/wp-content\/uploads\/2024\/02\/IMG_4912-1024x683.jpg\" alt=\"\" class=\"wp-image-296447\" srcset=\"https:\/\/www.rarom.ro\/wp-content\/uploads\/2024\/02\/IMG_4912-1024x683.jpg 1024w, https:\/\/www.rarom.ro\/wp-content\/uploads\/2024\/02\/IMG_4912-300x200.jpg 300w, https:\/\/www.rarom.ro\/wp-content\/uploads\/2024\/02\/IMG_4912-768x512.jpg 768w, https:\/\/www.rarom.ro\/wp-content\/uploads\/2024\/02\/IMG_4912.jpg 1500w\" sizes=\"auto, (max-width: 1024px) 100vw, 1024px\" \/><\/a><\/figure>\n\n\n\n<figure class=\"wp-block-image size-large\"><a href=\"https:\/\/www.rarom.ro\/wp-content\/uploads\/2024\/02\/IMG_4725.jpg\"><img loading=\"lazy\" decoding=\"async\" width=\"1024\" height=\"683\" data-id=\"296451\" src=\"https:\/\/www.rarom.ro\/wp-content\/uploads\/2024\/02\/IMG_4725-1024x683.jpg\" alt=\"\" class=\"wp-image-296451\" srcset=\"https:\/\/www.rarom.ro\/wp-content\/uploads\/2024\/02\/IMG_4725-1024x683.jpg 1024w, https:\/\/www.rarom.ro\/wp-content\/uploads\/2024\/02\/IMG_4725-300x200.jpg 300w, https:\/\/www.rarom.ro\/wp-content\/uploads\/2024\/02\/IMG_4725-768x512.jpg 768w, https:\/\/www.rarom.ro\/wp-content\/uploads\/2024\/02\/IMG_4725.jpg 1500w\" sizes=\"auto, (max-width: 1024px) 100vw, 1024px\" \/><\/a><\/figure>\n\n\n\n<figure class=\"wp-block-image size-large\"><a href=\"https:\/\/www.rarom.ro\/wp-content\/uploads\/2024\/02\/IMG_4860.jpg\"><img loading=\"lazy\" decoding=\"async\" width=\"683\" height=\"1024\" data-id=\"296448\" src=\"https:\/\/www.rarom.ro\/wp-content\/uploads\/2024\/02\/IMG_4860-683x1024.jpg\" alt=\"\" class=\"wp-image-296448\" srcset=\"https:\/\/www.rarom.ro\/wp-content\/uploads\/2024\/02\/IMG_4860-683x1024.jpg 683w, https:\/\/www.rarom.ro\/wp-content\/uploads\/2024\/02\/IMG_4860-200x300.jpg 200w, https:\/\/www.rarom.ro\/wp-content\/uploads\/2024\/02\/IMG_4860-768x1152.jpg 768w, https:\/\/www.rarom.ro\/wp-content\/uploads\/2024\/02\/IMG_4860-1024x1536.jpg 1024w, https:\/\/www.rarom.ro\/wp-content\/uploads\/2024\/02\/IMG_4860-1365x2048.jpg 1365w, https:\/\/www.rarom.ro\/wp-content\/uploads\/2024\/02\/IMG_4860.jpg 1500w\" sizes=\"auto, (max-width: 683px) 100vw, 683px\" \/><\/a><\/figure>\n\n\n\n<figure class=\"wp-block-image size-large\"><a href=\"https:\/\/www.rarom.ro\/wp-content\/uploads\/2024\/02\/IMG_5164.jpg\"><img loading=\"lazy\" decoding=\"async\" width=\"1024\" height=\"683\" data-id=\"296449\" src=\"https:\/\/www.rarom.ro\/wp-content\/uploads\/2024\/02\/IMG_5164-1024x683.jpg\" alt=\"\" class=\"wp-image-296449\" srcset=\"https:\/\/www.rarom.ro\/wp-content\/uploads\/2024\/02\/IMG_5164-1024x683.jpg 1024w, https:\/\/www.rarom.ro\/wp-content\/uploads\/2024\/02\/IMG_5164-300x200.jpg 300w, https:\/\/www.rarom.ro\/wp-content\/uploads\/2024\/02\/IMG_5164-768x512.jpg 768w, https:\/\/www.rarom.ro\/wp-content\/uploads\/2024\/02\/IMG_5164.jpg 1500w\" sizes=\"auto, (max-width: 1024px) 100vw, 1024px\" \/><\/a><\/figure>\n\n\n\n<figure class=\"wp-block-image size-large\"><a href=\"https:\/\/www.rarom.ro\/wp-content\/uploads\/2024\/02\/IMG_5168.jpg\"><img loading=\"lazy\" decoding=\"async\" width=\"1024\" height=\"683\" data-id=\"296450\" src=\"https:\/\/www.rarom.ro\/wp-content\/uploads\/2024\/02\/IMG_5168-1024x683.jpg\" alt=\"\" class=\"wp-image-296450\" srcset=\"https:\/\/www.rarom.ro\/wp-content\/uploads\/2024\/02\/IMG_5168-1024x683.jpg 1024w, https:\/\/www.rarom.ro\/wp-content\/uploads\/2024\/02\/IMG_5168-300x200.jpg 300w, https:\/\/www.rarom.ro\/wp-content\/uploads\/2024\/02\/IMG_5168-768x512.jpg 768w, https:\/\/www.rarom.ro\/wp-content\/uploads\/2024\/02\/IMG_5168.jpg 1500w\" sizes=\"auto, (max-width: 1024px) 100vw, 1024px\" \/><\/a><\/figure>\n\n\n\n<figure class=\"wp-block-image size-large\"><a href=\"https:\/\/www.rarom.ro\/wp-content\/uploads\/2024\/02\/IMG_5187.jpg\"><img loading=\"lazy\" decoding=\"async\" width=\"1024\" height=\"683\" data-id=\"296446\" src=\"https:\/\/www.rarom.ro\/wp-content\/uploads\/2024\/02\/IMG_5187-1024x683.jpg\" alt=\"\" class=\"wp-image-296446\" srcset=\"https:\/\/www.rarom.ro\/wp-content\/uploads\/2024\/02\/IMG_5187-1024x683.jpg 1024w, https:\/\/www.rarom.ro\/wp-content\/uploads\/2024\/02\/IMG_5187-300x200.jpg 300w, https:\/\/www.rarom.ro\/wp-content\/uploads\/2024\/02\/IMG_5187-768x512.jpg 768w, https:\/\/www.rarom.ro\/wp-content\/uploads\/2024\/02\/IMG_5187.jpg 1500w\" sizes=\"auto, (max-width: 1024px) 100vw, 1024px\" \/><\/a><\/figure>\n\n\n\n<figure class=\"wp-block-image size-large\"><a href=\"https:\/\/www.rarom.ro\/wp-content\/uploads\/2024\/02\/IMG_5341.jpg\"><img loading=\"lazy\" decoding=\"async\" width=\"1024\" height=\"683\" data-id=\"296455\" src=\"https:\/\/www.rarom.ro\/wp-content\/uploads\/2024\/02\/IMG_5341-1024x683.jpg\" alt=\"\" class=\"wp-image-296455\" srcset=\"https:\/\/www.rarom.ro\/wp-content\/uploads\/2024\/02\/IMG_5341-1024x683.jpg 1024w, https:\/\/www.rarom.ro\/wp-content\/uploads\/2024\/02\/IMG_5341-300x200.jpg 300w, https:\/\/www.rarom.ro\/wp-content\/uploads\/2024\/02\/IMG_5341-768x512.jpg 768w, https:\/\/www.rarom.ro\/wp-content\/uploads\/2024\/02\/IMG_5341.jpg 1500w\" sizes=\"auto, (max-width: 1024px) 100vw, 1024px\" \/><\/a><\/figure>\n\n\n\n<figure class=\"wp-block-image size-large\"><a href=\"https:\/\/www.rarom.ro\/wp-content\/uploads\/2024\/02\/IMG_5357.jpg\"><img loading=\"lazy\" decoding=\"async\" width=\"1024\" height=\"683\" data-id=\"296458\" src=\"https:\/\/www.rarom.ro\/wp-content\/uploads\/2024\/02\/IMG_5357-1024x683.jpg\" alt=\"\" class=\"wp-image-296458\" srcset=\"https:\/\/www.rarom.ro\/wp-content\/uploads\/2024\/02\/IMG_5357-1024x683.jpg 1024w, https:\/\/www.rarom.ro\/wp-content\/uploads\/2024\/02\/IMG_5357-300x200.jpg 300w, https:\/\/www.rarom.ro\/wp-content\/uploads\/2024\/02\/IMG_5357-768x512.jpg 768w, https:\/\/www.rarom.ro\/wp-content\/uploads\/2024\/02\/IMG_5357.jpg 1500w\" sizes=\"auto, (max-width: 1024px) 100vw, 1024px\" \/><\/a><\/figure>\n\n\n\n<figure class=\"wp-block-image size-large\"><a href=\"https:\/\/www.rarom.ro\/wp-content\/uploads\/2024\/02\/IMG_5362.jpg\"><img loading=\"lazy\" decoding=\"async\" width=\"1024\" height=\"683\" data-id=\"296456\" src=\"https:\/\/www.rarom.ro\/wp-content\/uploads\/2024\/02\/IMG_5362-1024x683.jpg\" alt=\"\" class=\"wp-image-296456\" srcset=\"https:\/\/www.rarom.ro\/wp-content\/uploads\/2024\/02\/IMG_5362-1024x683.jpg 1024w, https:\/\/www.rarom.ro\/wp-content\/uploads\/2024\/02\/IMG_5362-300x200.jpg 300w, https:\/\/www.rarom.ro\/wp-content\/uploads\/2024\/02\/IMG_5362-768x512.jpg 768w, https:\/\/www.rarom.ro\/wp-content\/uploads\/2024\/02\/IMG_5362.jpg 1500w\" sizes=\"auto, (max-width: 1024px) 100vw, 1024px\" \/><\/a><\/figure>\n\n\n\n<figure class=\"wp-block-image size-large\"><a href=\"https:\/\/www.rarom.ro\/wp-content\/uploads\/2024\/02\/IMG_5374.jpg\"><img loading=\"lazy\" decoding=\"async\" width=\"1024\" height=\"683\" data-id=\"296457\" src=\"https:\/\/www.rarom.ro\/wp-content\/uploads\/2024\/02\/IMG_5374-1024x683.jpg\" alt=\"\" class=\"wp-image-296457\" srcset=\"https:\/\/www.rarom.ro\/wp-content\/uploads\/2024\/02\/IMG_5374-1024x683.jpg 1024w, https:\/\/www.rarom.ro\/wp-content\/uploads\/2024\/02\/IMG_5374-300x200.jpg 300w, https:\/\/www.rarom.ro\/wp-content\/uploads\/2024\/02\/IMG_5374-768x512.jpg 768w, https:\/\/www.rarom.ro\/wp-content\/uploads\/2024\/02\/IMG_5374.jpg 1500w\" sizes=\"auto, (max-width: 1024px) 100vw, 1024px\" \/><\/a><\/figure>\n\n\n\n<figure class=\"wp-block-image size-large\"><a href=\"https:\/\/www.rarom.ro\/wp-content\/uploads\/2024\/02\/IMG_5568.jpg\"><img loading=\"lazy\" decoding=\"async\" width=\"1024\" height=\"683\" data-id=\"296462\" src=\"https:\/\/www.rarom.ro\/wp-content\/uploads\/2024\/02\/IMG_5568-1024x683.jpg\" alt=\"\" class=\"wp-image-296462\" srcset=\"https:\/\/www.rarom.ro\/wp-content\/uploads\/2024\/02\/IMG_5568-1024x683.jpg 1024w, https:\/\/www.rarom.ro\/wp-content\/uploads\/2024\/02\/IMG_5568-300x200.jpg 300w, https:\/\/www.rarom.ro\/wp-content\/uploads\/2024\/02\/IMG_5568-768x512.jpg 768w, https:\/\/www.rarom.ro\/wp-content\/uploads\/2024\/02\/IMG_5568.jpg 1500w\" sizes=\"auto, (max-width: 1024px) 100vw, 1024px\" \/><\/a><\/figure>\n\n\n\n<figure class=\"wp-block-image size-large\"><a href=\"https:\/\/www.rarom.ro\/wp-content\/uploads\/2024\/02\/IMG_5569.jpg\"><img loading=\"lazy\" decoding=\"async\" width=\"1024\" height=\"683\" data-id=\"296464\" src=\"https:\/\/www.rarom.ro\/wp-content\/uploads\/2024\/02\/IMG_5569-1024x683.jpg\" alt=\"\" class=\"wp-image-296464\" srcset=\"https:\/\/www.rarom.ro\/wp-content\/uploads\/2024\/02\/IMG_5569-1024x683.jpg 1024w, https:\/\/www.rarom.ro\/wp-content\/uploads\/2024\/02\/IMG_5569-300x200.jpg 300w, https:\/\/www.rarom.ro\/wp-content\/uploads\/2024\/02\/IMG_5569-768x512.jpg 768w, https:\/\/www.rarom.ro\/wp-content\/uploads\/2024\/02\/IMG_5569.jpg 1500w\" sizes=\"auto, (max-width: 1024px) 100vw, 1024px\" \/><\/a><\/figure>\n<\/figure>\n\n\n\n<div style=\"height:50px\" aria-hidden=\"true\" class=\"wp-block-spacer\"><\/div>\n\n\n\n<hr>\n\n\n\n<p><strong>Direc\u021bia \u00cencerc\u0103ri (D\u00ce)<\/strong><\/p>\n\n\n\n<hr>\n\n\n\n<div style=\"height:20px\" aria-hidden=\"true\" class=\"wp-block-spacer\"><\/div>\n\n\n\n<div class=\"wp-block-group\"><div class=\"wp-block-group__inner-container is-layout-constrained wp-block-group-is-layout-constrained\">\n<div class=\"wp-block-columns is-layout-flex wp-container-core-columns-is-layout-9d6595d7 wp-block-columns-is-layout-flex\">\n<div class=\"wp-block-column is-layout-flow wp-block-column-is-layout-flow\" style=\"flex-basis:33.33%\"><div class=\"wp-block-image is-style-rounded\">\n<figure class=\"aligncenter size-full is-resized\"><a href=\"https:\/\/www.rarom.ro\/wp-content\/uploads\/2024\/08\/Tiberiu-Melencu.jpg\"><img loading=\"lazy\" decoding=\"async\" width=\"170\" height=\"170\" src=\"https:\/\/www.rarom.ro\/wp-content\/uploads\/2024\/08\/Tiberiu-Melencu.jpg\" alt=\"\" class=\"wp-image-297767\" style=\"width:150px;height:150px\" srcset=\"https:\/\/www.rarom.ro\/wp-content\/uploads\/2024\/08\/Tiberiu-Melencu.jpg 170w, https:\/\/www.rarom.ro\/wp-content\/uploads\/2024\/08\/Tiberiu-Melencu-150x150.jpg 150w, https:\/\/www.rarom.ro\/wp-content\/uploads\/2024\/08\/Tiberiu-Melencu-85x85.jpg 85w, https:\/\/www.rarom.ro\/wp-content\/uploads\/2024\/08\/Tiberiu-Melencu-60x60.jpg 60w, https:\/\/www.rarom.ro\/wp-content\/uploads\/2024\/08\/Tiberiu-Melencu-16x16.jpg 16w\" sizes=\"auto, (max-width: 170px) 100vw, 170px\" \/><\/a><\/figure><\/div>\n\n\n<div style=\"height:20px\" aria-hidden=\"true\" class=\"wp-block-spacer\"><\/div>\n\n\n\n<p class=\"has-text-align-center\"><strong>Tiberiu MELENCU<\/strong><br><em><em><em><em>Director Direc\u021bia \u00cencerc\u0103ri<\/em><\/em><\/em><\/em><\/p>\n<\/div>\n\n\n\n<div class=\"wp-block-column is-layout-flow wp-block-column-is-layout-flow\" style=\"flex-basis:66.66%\">\n<p><strong>Adresa:<\/strong>&nbsp;Strada B\u00e2rsei nr.1, Voluntari, jud. Ilfov<\/p>\n\n\n\n<hr>\n\n\n\n<div class=\"wp-block-columns are-vertically-aligned-top is-layout-flex wp-container-core-columns-is-layout-9d6595d7 wp-block-columns-is-layout-flex\">\n<div class=\"wp-block-column is-vertically-aligned-top is-layout-flow wp-block-column-is-layout-flow\" style=\"flex-basis:10%\">\n<p>Tel.: <\/p>\n\n\n\n<p>E-mail: <\/p>\n<\/div>\n\n\n\n<div class=\"wp-block-column is-vertically-aligned-top is-layout-flow wp-block-column-is-layout-flow\" style=\"flex-basis:90%\">\n<p>+40.731.793.545<\/p>\n\n\n\n<p><a href=\"mailto:di@rarom.ro\" target=\"_blank\" rel=\"noreferrer noopener\">di@rarom.ro<\/a><\/p>\n<\/div>\n<\/div>\n\n\n\n<p><\/p>\n\n\n\n<p><\/p>\n<\/div>\n<\/div>\n<\/div><\/div>\n\n\n\n<div style=\"height:100px\" aria-hidden=\"true\" class=\"wp-block-spacer\"><\/div>\n","protected":false},"excerpt":{"rendered":"<p>Responsabilit\u0103\u021bi:&nbsp;Direc\u021bia \u00cencerc\u0103ri este responsabil\u0103 pentru activit\u0103\u021bile de \u00eencercare, inspec\u021bie \u0219i verificare a vehiculelor desf\u0103\u0219urate la centrele tehnice RAR din Voluntari (Ilfov) \u0219i Meri\u0219ani (Arge\u0219). Activit\u0103\u021bile includ evaluarea siguran\u021bei generale a vehiculelor, emisiilor poluante, consumului de combustibil \u0219i sistemelor ADAS \u00een condi\u021bii controlate din laborator, pe pista de \u00eencerc\u0103ri sau \u00een condi\u021bii reale de trafic. Notific\u0103ri [&hellip;]<\/p>\n","protected":false},"author":3,"featured_media":0,"parent":35,"menu_order":2,"comment_status":"closed","ping_status":"closed","template":"","meta":{"_acf_changed":false,"footnotes":""},"class_list":["post-296436","page","type-page","status-publish","hentry"],"acf":[],"_links":{"self":[{"href":"https:\/\/www.rarom.ro\/index.php?rest_route=\/wp\/v2\/pages\/296436","targetHints":{"allow":["GET"]}}],"collection":[{"href":"https:\/\/www.rarom.ro\/index.php?rest_route=\/wp\/v2\/pages"}],"about":[{"href":"https:\/\/www.rarom.ro\/index.php?rest_route=\/wp\/v2\/types\/page"}],"author":[{"embeddable":true,"href":"https:\/\/www.rarom.ro\/index.php?rest_route=\/wp\/v2\/users\/3"}],"replies":[{"embeddable":true,"href":"https:\/\/www.rarom.ro\/index.php?rest_route=%2Fwp%2Fv2%2Fcomments&post=296436"}],"version-history":[{"count":19,"href":"https:\/\/www.rarom.ro\/index.php?rest_route=\/wp\/v2\/pages\/296436\/revisions"}],"predecessor-version":[{"id":299530,"href":"https:\/\/www.rarom.ro\/index.php?rest_route=\/wp\/v2\/pages\/296436\/revisions\/299530"}],"up":[{"embeddable":true,"href":"https:\/\/www.rarom.ro\/index.php?rest_route=\/wp\/v2\/pages\/35"}],"wp:attachment":[{"href":"https:\/\/www.rarom.ro\/index.php?rest_route=%2Fwp%2Fv2%2Fmedia&parent=296436"}],"curies":[{"name":"wp","href":"https:\/\/api.w.org\/{rel}","templated":true}]}}