{"id":296069,"date":"2023-12-06T10:16:49","date_gmt":"2023-12-06T08:16:49","guid":{"rendered":"https:\/\/www.rarom.ro\/?page_id=296069"},"modified":"2023-12-06T12:22:47","modified_gmt":"2023-12-06T10:22:47","slug":"bmw-xm","status":"publish","type":"page","link":"https:\/\/www.rarom.ro\/?page_id=296069","title":{"rendered":"BMW XM"},"content":{"rendered":"\n<p><strong>Test: BMW XM<\/strong><\/p>\n\n\n<div class=\"wp-block-image\">\n<figure class=\"aligncenter size-full\"><a href=\"https:\/\/www.rarom.ro\/wp-content\/uploads\/2023\/12\/Test-BMW-mare.jpg\"><img loading=\"lazy\" decoding=\"async\" width=\"730\" height=\"450\" src=\"https:\/\/www.rarom.ro\/wp-content\/uploads\/2023\/12\/Test-BMW-mare.jpg\" alt=\"\" class=\"wp-image-296070\" srcset=\"https:\/\/www.rarom.ro\/wp-content\/uploads\/2023\/12\/Test-BMW-mare.jpg 730w, https:\/\/www.rarom.ro\/wp-content\/uploads\/2023\/12\/Test-BMW-mare-300x185.jpg 300w\" sizes=\"auto, (max-width: 730px) 100vw, 730px\" \/><\/a><\/figure><\/div>\n\n\n<div style=\"height:30px\" aria-hidden=\"true\" class=\"wp-block-spacer\"><\/div>\n\n\n\n<div class=\"wp-block-columns is-layout-flex wp-container-core-columns-is-layout-9d6595d7 wp-block-columns-is-layout-flex\">\n<div class=\"wp-block-column is-layout-flow wp-block-column-is-layout-flow\" style=\"flex-basis:66.66%\">\n<p>De\u0219i l-am studiat, at\u00e2t c\u00e2t s-a putut, \u00een timpul evenimentului de lansare, re\u00eent\u00e2lnirea cu BMW XM a fost cople\u0219itoare. Suita de comenzi alocate condusului sportiv m\u0103 intimideaz\u0103 \u0219i \u00een acela\u0219i timp m\u0103 provoac\u0103. Cred c\u0103 asta au \u0219i urm\u0103rit cei de la BMW care au comasat \u00een noul model XM tradi\u021bia gamei \u201eM\u201d dar \u0219i o alternativ\u0103 pentru viitorul acesteia. [\u2026]<\/p>\n<\/div>\n\n\n\n<div class=\"wp-block-column is-layout-flow wp-block-column-is-layout-flow\" style=\"flex-basis:33.33%\">\n<figure class=\"wp-block-image size-full\"><a href=\"https:\/\/www.rarom.ro\/wp-content\/uploads\/2023\/12\/Test-BMW-pagini.jpg\"><img loading=\"lazy\" decoding=\"async\" width=\"250\" height=\"165\" src=\"https:\/\/www.rarom.ro\/wp-content\/uploads\/2023\/12\/Test-BMW-pagini.jpg\" alt=\"\" class=\"wp-image-296072\"\/><\/a><\/figure>\n<\/div>\n<\/div>\n","protected":false},"excerpt":{"rendered":"<p>Test: BMW XM De\u0219i l-am studiat, at\u00e2t c\u00e2t s-a putut, \u00een timpul evenimentului de lansare, re\u00eent\u00e2lnirea cu BMW XM a fost cople\u0219itoare. Suita de comenzi alocate condusului sportiv m\u0103 intimideaz\u0103 \u0219i \u00een acela\u0219i timp m\u0103 provoac\u0103. Cred c\u0103 asta au \u0219i urm\u0103rit cei de la BMW care au comasat \u00een noul model XM tradi\u021bia gamei [&hellip;]<\/p>\n","protected":false},"author":3,"featured_media":0,"parent":296056,"menu_order":2,"comment_status":"closed","ping_status":"closed","template":"","meta":{"_acf_changed":false,"footnotes":""},"class_list":["post-296069","page","type-page","status-publish","hentry"],"acf":[],"_links":{"self":[{"href":"https:\/\/www.rarom.ro\/index.php?rest_route=\/wp\/v2\/pages\/296069","targetHints":{"allow":["GET"]}}],"collection":[{"href":"https:\/\/www.rarom.ro\/index.php?rest_route=\/wp\/v2\/pages"}],"about":[{"href":"https:\/\/www.rarom.ro\/index.php?rest_route=\/wp\/v2\/types\/page"}],"author":[{"embeddable":true,"href":"https:\/\/www.rarom.ro\/index.php?rest_route=\/wp\/v2\/users\/3"}],"replies":[{"embeddable":true,"href":"https:\/\/www.rarom.ro\/index.php?rest_route=%2Fwp%2Fv2%2Fcomments&post=296069"}],"version-history":[{"count":2,"href":"https:\/\/www.rarom.ro\/index.php?rest_route=\/wp\/v2\/pages\/296069\/revisions"}],"predecessor-version":[{"id":296075,"href":"https:\/\/www.rarom.ro\/index.php?rest_route=\/wp\/v2\/pages\/296069\/revisions\/296075"}],"up":[{"embeddable":true,"href":"https:\/\/www.rarom.ro\/index.php?rest_route=\/wp\/v2\/pages\/296056"}],"wp:attachment":[{"href":"https:\/\/www.rarom.ro\/index.php?rest_route=%2Fwp%2Fv2%2Fmedia&parent=296069"}],"curies":[{"name":"wp","href":"https:\/\/api.w.org\/{rel}","templated":true}]}}