{"id":295925,"date":"2023-11-01T12:04:07","date_gmt":"2023-11-01T10:04:07","guid":{"rendered":"https:\/\/www.rarom.ro\/?page_id=295925"},"modified":"2023-11-01T12:04:36","modified_gmt":"2023-11-01T10:04:36","slug":"prezentare","status":"publish","type":"page","link":"https:\/\/www.rarom.ro\/?page_id=295925","title":{"rendered":"Prezentare"},"content":{"rendered":"\n<p><strong>Lotus Emeya<\/strong><\/p>\n\n\n<div class=\"wp-block-image\">\n<figure class=\"aligncenter size-full\"><a href=\"https:\/\/www.rarom.ro\/wp-content\/uploads\/2023\/11\/Prezentare-mare.jpeg\"><img loading=\"lazy\" decoding=\"async\" width=\"730\" height=\"450\" src=\"https:\/\/www.rarom.ro\/wp-content\/uploads\/2023\/11\/Prezentare-mare.jpeg\" alt=\"\" class=\"wp-image-295926\" srcset=\"https:\/\/www.rarom.ro\/wp-content\/uploads\/2023\/11\/Prezentare-mare.jpeg 730w, https:\/\/www.rarom.ro\/wp-content\/uploads\/2023\/11\/Prezentare-mare-300x185.jpeg 300w\" sizes=\"auto, (max-width: 730px) 100vw, 730px\" \/><\/a><\/figure><\/div>\n\n\n<div style=\"height:30px\" aria-hidden=\"true\" class=\"wp-block-spacer\"><\/div>\n\n\n\n<div class=\"wp-block-columns is-layout-flex wp-container-core-columns-is-layout-9d6595d7 wp-block-columns-is-layout-flex\">\n<div class=\"wp-block-column is-layout-flow wp-block-column-is-layout-flow\" style=\"flex-basis:66.66%\">\n<p>Lotus continu\u0103 s\u0103 \u00ee\u0219i extind\u0103 gama de ma\u0219ini electrice. Dup\u0103 SUV-ul Eletre, a venit r\u00e2ndul unui alt model f\u0103r\u0103 emisii, Lotus Emeya. Acest nou sedan-coupe este menit s\u0103 fac\u0103 concuren\u021b\u0103 unor ma\u0219ini electrice premium cu caracter sportiv, precum Porsche Taycan, Audi e-tron GT \u0219i Tesla Model S Plaid. [\u2026]<\/p>\n<\/div>\n\n\n\n<div class=\"wp-block-column is-layout-flow wp-block-column-is-layout-flow\" style=\"flex-basis:33.33%\">\n<figure class=\"wp-block-image size-full\"><a href=\"https:\/\/www.rarom.ro\/wp-content\/uploads\/2023\/11\/Prezentare-pagini.jpg\"><img loading=\"lazy\" decoding=\"async\" width=\"250\" height=\"165\" src=\"https:\/\/www.rarom.ro\/wp-content\/uploads\/2023\/11\/Prezentare-pagini.jpg\" alt=\"\" class=\"wp-image-295928\"\/><\/a><\/figure>\n<\/div>\n<\/div>\n","protected":false},"excerpt":{"rendered":"<p>Lotus Emeya Lotus continu\u0103 s\u0103 \u00ee\u0219i extind\u0103 gama de ma\u0219ini electrice. Dup\u0103 SUV-ul Eletre, a venit r\u00e2ndul unui alt model f\u0103r\u0103 emisii, Lotus Emeya. Acest nou sedan-coupe este menit s\u0103 fac\u0103 concuren\u021b\u0103 unor ma\u0219ini electrice premium cu caracter sportiv, precum Porsche Taycan, Audi e-tron GT \u0219i Tesla Model S Plaid. [\u2026]<\/p>\n","protected":false},"author":3,"featured_media":0,"parent":295832,"menu_order":6,"comment_status":"closed","ping_status":"closed","template":"","meta":{"_acf_changed":false,"footnotes":""},"class_list":["post-295925","page","type-page","status-publish","hentry"],"acf":[],"_links":{"self":[{"href":"https:\/\/www.rarom.ro\/index.php?rest_route=\/wp\/v2\/pages\/295925","targetHints":{"allow":["GET"]}}],"collection":[{"href":"https:\/\/www.rarom.ro\/index.php?rest_route=\/wp\/v2\/pages"}],"about":[{"href":"https:\/\/www.rarom.ro\/index.php?rest_route=\/wp\/v2\/types\/page"}],"author":[{"embeddable":true,"href":"https:\/\/www.rarom.ro\/index.php?rest_route=\/wp\/v2\/users\/3"}],"replies":[{"embeddable":true,"href":"https:\/\/www.rarom.ro\/index.php?rest_route=%2Fwp%2Fv2%2Fcomments&post=295925"}],"version-history":[{"count":3,"href":"https:\/\/www.rarom.ro\/index.php?rest_route=\/wp\/v2\/pages\/295925\/revisions"}],"predecessor-version":[{"id":295932,"href":"https:\/\/www.rarom.ro\/index.php?rest_route=\/wp\/v2\/pages\/295925\/revisions\/295932"}],"up":[{"embeddable":true,"href":"https:\/\/www.rarom.ro\/index.php?rest_route=\/wp\/v2\/pages\/295832"}],"wp:attachment":[{"href":"https:\/\/www.rarom.ro\/index.php?rest_route=%2Fwp%2Fv2%2Fmedia&parent=295925"}],"curies":[{"name":"wp","href":"https:\/\/api.w.org\/{rel}","templated":true}]}}