{"id":295907,"date":"2023-11-01T11:59:02","date_gmt":"2023-11-01T09:59:02","guid":{"rendered":"https:\/\/www.rarom.ro\/?page_id=295907"},"modified":"2023-11-01T12:08:22","modified_gmt":"2023-11-01T10:08:22","slug":"tehno","status":"publish","type":"page","link":"https:\/\/www.rarom.ro\/?page_id=295907","title":{"rendered":"Tehno"},"content":{"rendered":"\n<p><strong>Aston Martin Valhalla<\/strong><\/p>\n\n\n<div class=\"wp-block-image\">\n<figure class=\"aligncenter size-full\"><a href=\"https:\/\/www.rarom.ro\/wp-content\/uploads\/2023\/11\/Tehno-mare.jpeg\"><img loading=\"lazy\" decoding=\"async\" width=\"730\" height=\"450\" src=\"https:\/\/www.rarom.ro\/wp-content\/uploads\/2023\/11\/Tehno-mare.jpeg\" alt=\"\" class=\"wp-image-295908\" srcset=\"https:\/\/www.rarom.ro\/wp-content\/uploads\/2023\/11\/Tehno-mare.jpeg 730w, https:\/\/www.rarom.ro\/wp-content\/uploads\/2023\/11\/Tehno-mare-300x185.jpeg 300w\" sizes=\"auto, (max-width: 730px) 100vw, 730px\" \/><\/a><\/figure><\/div>\n\n\n<div style=\"height:30px\" aria-hidden=\"true\" class=\"wp-block-spacer\"><\/div>\n\n\n\n<div class=\"wp-block-columns is-layout-flex wp-container-core-columns-is-layout-9d6595d7 wp-block-columns-is-layout-flex\">\n<div class=\"wp-block-column is-layout-flow wp-block-column-is-layout-flow\" style=\"flex-basis:66.66%\">\n<p>Odat\u0103 cu Valhalla, primul supecar hibrid de la Aston Martin, constructorul englez recunoa\u0219te c\u0103derea \u00een \u201ep\u0103catul\u201d supercarurilor prin folosirea tehnologiilor, de multe ori extrem de avansate, \u00een dezvoltarea propriilor modele. Este inutil s\u0103 mai spunem c\u0103 au leg\u0103tur\u0103 cu F1. [\u2026]<\/p>\n<\/div>\n\n\n\n<div class=\"wp-block-column is-layout-flow wp-block-column-is-layout-flow\" style=\"flex-basis:33.33%\">\n<figure class=\"wp-block-image size-full\"><a href=\"https:\/\/www.rarom.ro\/wp-content\/uploads\/2023\/11\/Tehno-pagini.jpg\"><img loading=\"lazy\" decoding=\"async\" width=\"250\" height=\"165\" src=\"https:\/\/www.rarom.ro\/wp-content\/uploads\/2023\/11\/Tehno-pagini.jpg\" alt=\"\" class=\"wp-image-295910\"\/><\/a><\/figure>\n<\/div>\n<\/div>\n","protected":false},"excerpt":{"rendered":"<p>Aston Martin Valhalla Odat\u0103 cu Valhalla, primul supecar hibrid de la Aston Martin, constructorul englez recunoa\u0219te c\u0103derea \u00een \u201ep\u0103catul\u201d supercarurilor prin folosirea tehnologiilor, de multe ori extrem de avansate, \u00een dezvoltarea propriilor modele. Este inutil s\u0103 mai spunem c\u0103 au leg\u0103tur\u0103 cu F1. [\u2026]<\/p>\n","protected":false},"author":3,"featured_media":0,"parent":295832,"menu_order":4,"comment_status":"closed","ping_status":"closed","template":"","meta":{"_acf_changed":false,"footnotes":""},"class_list":["post-295907","page","type-page","status-publish","hentry"],"acf":[],"_links":{"self":[{"href":"https:\/\/www.rarom.ro\/index.php?rest_route=\/wp\/v2\/pages\/295907","targetHints":{"allow":["GET"]}}],"collection":[{"href":"https:\/\/www.rarom.ro\/index.php?rest_route=\/wp\/v2\/pages"}],"about":[{"href":"https:\/\/www.rarom.ro\/index.php?rest_route=\/wp\/v2\/types\/page"}],"author":[{"embeddable":true,"href":"https:\/\/www.rarom.ro\/index.php?rest_route=\/wp\/v2\/users\/3"}],"replies":[{"embeddable":true,"href":"https:\/\/www.rarom.ro\/index.php?rest_route=%2Fwp%2Fv2%2Fcomments&post=295907"}],"version-history":[{"count":3,"href":"https:\/\/www.rarom.ro\/index.php?rest_route=\/wp\/v2\/pages\/295907\/revisions"}],"predecessor-version":[{"id":295914,"href":"https:\/\/www.rarom.ro\/index.php?rest_route=\/wp\/v2\/pages\/295907\/revisions\/295914"}],"up":[{"embeddable":true,"href":"https:\/\/www.rarom.ro\/index.php?rest_route=\/wp\/v2\/pages\/295832"}],"wp:attachment":[{"href":"https:\/\/www.rarom.ro\/index.php?rest_route=%2Fwp%2Fv2%2Fmedia&parent=295907"}],"curies":[{"name":"wp","href":"https:\/\/api.w.org\/{rel}","templated":true}]}}