{"id":295860,"date":"2023-11-01T11:37:24","date_gmt":"2023-11-01T09:37:24","guid":{"rendered":"https:\/\/www.rarom.ro\/?page_id=295860"},"modified":"2023-11-01T11:42:59","modified_gmt":"2023-11-01T09:42:59","slug":"ford-puma-st-x","status":"publish","type":"page","link":"https:\/\/www.rarom.ro\/?page_id=295860","title":{"rendered":"Ford Puma ST X"},"content":{"rendered":"\n<p><strong>Test: Ford Puma ST X<\/strong><\/p>\n\n\n<div class=\"wp-block-image\">\n<figure class=\"aligncenter size-full\"><a href=\"https:\/\/www.rarom.ro\/wp-content\/uploads\/2023\/11\/Test-Ford-mare.jpg\"><img loading=\"lazy\" decoding=\"async\" width=\"730\" height=\"450\" src=\"https:\/\/www.rarom.ro\/wp-content\/uploads\/2023\/11\/Test-Ford-mare.jpg\" alt=\"\" class=\"wp-image-295861\" srcset=\"https:\/\/www.rarom.ro\/wp-content\/uploads\/2023\/11\/Test-Ford-mare.jpg 730w, https:\/\/www.rarom.ro\/wp-content\/uploads\/2023\/11\/Test-Ford-mare-300x185.jpg 300w\" sizes=\"auto, (max-width: 730px) 100vw, 730px\" \/><\/a><\/figure><\/div>\n\n\n<div style=\"height:30px\" aria-hidden=\"true\" class=\"wp-block-spacer\"><\/div>\n\n\n\n<div class=\"wp-block-columns is-layout-flex wp-container-core-columns-is-layout-9d6595d7 wp-block-columns-is-layout-flex\">\n<div class=\"wp-block-column is-layout-flow wp-block-column-is-layout-flow\" style=\"flex-basis:66.66%\">\n<p>Exist\u0103 un tipar \u00een coabitarea cu Ford Puma ST, u\u015for de recunoscut chiar \u015fi dac\u0103 petreci doar c\u00e2teva zile \u00een compania lui. Ori de c\u00e2te ori urci la volan, \u00eel g\u0103se\u015fti tonifiat ca \u015fi cum abia \u015fi-ar fi terminat \u00eenc\u0103lzirea. Este gata de ac\u021biune din prima clip\u0103 c\u00e2nd ape\u0219i butonul \u201eStart Engine\u201d. [\u2026]<\/p>\n<\/div>\n\n\n\n<div class=\"wp-block-column is-layout-flow wp-block-column-is-layout-flow\" style=\"flex-basis:33.33%\">\n<figure class=\"wp-block-image size-full\"><a href=\"https:\/\/www.rarom.ro\/wp-content\/uploads\/2023\/11\/Test-Ford-pagini.jpg\"><img loading=\"lazy\" decoding=\"async\" width=\"250\" height=\"165\" src=\"https:\/\/www.rarom.ro\/wp-content\/uploads\/2023\/11\/Test-Ford-pagini.jpg\" alt=\"\" class=\"wp-image-295863\"\/><\/a><\/figure>\n<\/div>\n<\/div>\n","protected":false},"excerpt":{"rendered":"<p>Test: Ford Puma ST X Exist\u0103 un tipar \u00een coabitarea cu Ford Puma ST, u\u015for de recunoscut chiar \u015fi dac\u0103 petreci doar c\u00e2teva zile \u00een compania lui. Ori de c\u00e2te ori urci la volan, \u00eel g\u0103se\u015fti tonifiat ca \u015fi cum abia \u015fi-ar fi terminat \u00eenc\u0103lzirea. Este gata de ac\u021biune din prima clip\u0103 c\u00e2nd ape\u0219i butonul [&hellip;]<\/p>\n","protected":false},"author":3,"featured_media":0,"parent":295836,"menu_order":3,"comment_status":"closed","ping_status":"closed","template":"","meta":{"_acf_changed":false,"footnotes":""},"class_list":["post-295860","page","type-page","status-publish","hentry"],"acf":[],"_links":{"self":[{"href":"https:\/\/www.rarom.ro\/index.php?rest_route=\/wp\/v2\/pages\/295860","targetHints":{"allow":["GET"]}}],"collection":[{"href":"https:\/\/www.rarom.ro\/index.php?rest_route=\/wp\/v2\/pages"}],"about":[{"href":"https:\/\/www.rarom.ro\/index.php?rest_route=\/wp\/v2\/types\/page"}],"author":[{"embeddable":true,"href":"https:\/\/www.rarom.ro\/index.php?rest_route=\/wp\/v2\/users\/3"}],"replies":[{"embeddable":true,"href":"https:\/\/www.rarom.ro\/index.php?rest_route=%2Fwp%2Fv2%2Fcomments&post=295860"}],"version-history":[{"count":2,"href":"https:\/\/www.rarom.ro\/index.php?rest_route=\/wp\/v2\/pages\/295860\/revisions"}],"predecessor-version":[{"id":295866,"href":"https:\/\/www.rarom.ro\/index.php?rest_route=\/wp\/v2\/pages\/295860\/revisions\/295866"}],"up":[{"embeddable":true,"href":"https:\/\/www.rarom.ro\/index.php?rest_route=\/wp\/v2\/pages\/295836"}],"wp:attachment":[{"href":"https:\/\/www.rarom.ro\/index.php?rest_route=%2Fwp%2Fv2%2Fmedia&parent=295860"}],"curies":[{"name":"wp","href":"https:\/\/api.w.org\/{rel}","templated":true}]}}