{"id":295573,"date":"2023-10-03T09:08:24","date_gmt":"2023-10-03T06:08:24","guid":{"rendered":"https:\/\/www.rarom.ro\/?page_id=295573"},"modified":"2023-10-03T09:56:14","modified_gmt":"2023-10-03T06:56:14","slug":"triumph-trident-660","status":"publish","type":"page","link":"https:\/\/www.rarom.ro\/?page_id=295573","title":{"rendered":"Triumph Trident 660"},"content":{"rendered":"\n<p><strong>Test: Triumph Trident 660<\/strong><\/p>\n\n\n<div class=\"wp-block-image\">\n<figure class=\"aligncenter size-full\"><a href=\"https:\/\/www.rarom.ro\/wp-content\/uploads\/2023\/10\/Test-Triumph-mare.jpg\"><img loading=\"lazy\" decoding=\"async\" width=\"730\" height=\"450\" src=\"https:\/\/www.rarom.ro\/wp-content\/uploads\/2023\/10\/Test-Triumph-mare.jpg\" alt=\"\" class=\"wp-image-295574\" srcset=\"https:\/\/www.rarom.ro\/wp-content\/uploads\/2023\/10\/Test-Triumph-mare.jpg 730w, https:\/\/www.rarom.ro\/wp-content\/uploads\/2023\/10\/Test-Triumph-mare-300x185.jpg 300w\" sizes=\"auto, (max-width: 730px) 100vw, 730px\" \/><\/a><\/figure><\/div>\n\n\n<div style=\"height:30px\" aria-hidden=\"true\" class=\"wp-block-spacer\"><\/div>\n\n\n\n<div class=\"wp-block-columns is-layout-flex wp-container-core-columns-is-layout-9d6595d7 wp-block-columns-is-layout-flex\">\n<div class=\"wp-block-column is-layout-flow wp-block-column-is-layout-flow\" style=\"flex-basis:66.66%\">\n<p>O \u0163inut\u0103 estetic\u0103 ce fructific\u0103 cu elegan\u0163\u0103 stilul roadster clasic, o evident\u0103 preocupare pentru detalii \u015fi calitatea materialelor folosite plus o motorizare cu trei cilindri \u00een linie care promite un flux abundent de cuplu, fac din Triumph Trident 660 o prezen\u021b\u0103 incitant\u0103 \u00een peisajul moto metropolitan. [\u2026]<\/p>\n<\/div>\n\n\n\n<div class=\"wp-block-column is-layout-flow wp-block-column-is-layout-flow\" style=\"flex-basis:33.33%\">\n<figure class=\"wp-block-image size-full\"><a href=\"https:\/\/www.rarom.ro\/wp-content\/uploads\/2023\/10\/Test-Triumph-pagini.jpg\"><img loading=\"lazy\" decoding=\"async\" width=\"250\" height=\"165\" src=\"https:\/\/www.rarom.ro\/wp-content\/uploads\/2023\/10\/Test-Triumph-pagini.jpg\" alt=\"\" class=\"wp-image-295576\"\/><\/a><\/figure>\n<\/div>\n<\/div>\n","protected":false},"excerpt":{"rendered":"<p>Test: Triumph Trident 660 O \u0163inut\u0103 estetic\u0103 ce fructific\u0103 cu elegan\u0163\u0103 stilul roadster clasic, o evident\u0103 preocupare pentru detalii \u015fi calitatea materialelor folosite plus o motorizare cu trei cilindri \u00een linie care promite un flux abundent de cuplu, fac din Triumph Trident 660 o prezen\u021b\u0103 incitant\u0103 \u00een peisajul moto metropolitan. [\u2026]<\/p>\n","protected":false},"author":3,"featured_media":0,"parent":295551,"menu_order":3,"comment_status":"closed","ping_status":"closed","template":"","meta":{"_acf_changed":false,"footnotes":""},"class_list":["post-295573","page","type-page","status-publish","hentry"],"acf":[],"_links":{"self":[{"href":"https:\/\/www.rarom.ro\/index.php?rest_route=\/wp\/v2\/pages\/295573","targetHints":{"allow":["GET"]}}],"collection":[{"href":"https:\/\/www.rarom.ro\/index.php?rest_route=\/wp\/v2\/pages"}],"about":[{"href":"https:\/\/www.rarom.ro\/index.php?rest_route=\/wp\/v2\/types\/page"}],"author":[{"embeddable":true,"href":"https:\/\/www.rarom.ro\/index.php?rest_route=\/wp\/v2\/users\/3"}],"replies":[{"embeddable":true,"href":"https:\/\/www.rarom.ro\/index.php?rest_route=%2Fwp%2Fv2%2Fcomments&post=295573"}],"version-history":[{"count":3,"href":"https:\/\/www.rarom.ro\/index.php?rest_route=\/wp\/v2\/pages\/295573\/revisions"}],"predecessor-version":[{"id":295581,"href":"https:\/\/www.rarom.ro\/index.php?rest_route=\/wp\/v2\/pages\/295573\/revisions\/295581"}],"up":[{"embeddable":true,"href":"https:\/\/www.rarom.ro\/index.php?rest_route=\/wp\/v2\/pages\/295551"}],"wp:attachment":[{"href":"https:\/\/www.rarom.ro\/index.php?rest_route=%2Fwp%2Fv2%2Fmedia&parent=295573"}],"curies":[{"name":"wp","href":"https:\/\/api.w.org\/{rel}","templated":true}]}}