{"id":293873,"date":"2023-07-05T15:48:35","date_gmt":"2023-07-05T12:48:35","guid":{"rendered":"https:\/\/81.196.106.21\/?page_id=293873"},"modified":"2023-07-06T15:14:07","modified_gmt":"2023-07-06T12:14:07","slug":"tehno","status":"publish","type":"page","link":"https:\/\/www.rarom.ro\/?page_id=293873","title":{"rendered":"Tehno"},"content":{"rendered":"\n<p><strong>Toyota C+walk<\/strong><\/p>\n\n\n<div class=\"wp-block-image\">\n<figure class=\"aligncenter size-full\"><a href=\"https:\/\/www.rarom.ro\/wp-content\/uploads\/2023\/07\/Tehno-mare.jpg\"><img loading=\"lazy\" decoding=\"async\" width=\"730\" height=\"450\" src=\"https:\/\/www.rarom.ro\/wp-content\/uploads\/2023\/07\/Tehno-mare.jpg\" alt=\"\" class=\"wp-image-293874\" srcset=\"https:\/\/www.rarom.ro\/wp-content\/uploads\/2023\/07\/Tehno-mare.jpg 730w, https:\/\/www.rarom.ro\/wp-content\/uploads\/2023\/07\/Tehno-mare-300x185.jpg 300w\" sizes=\"auto, (max-width: 730px) 100vw, 730px\" \/><\/a><\/figure><\/div>\n\n\n<div style=\"height:30px\" aria-hidden=\"true\" class=\"wp-block-spacer\"><\/div>\n\n\n\n<div class=\"wp-block-columns is-layout-flex wp-container-core-columns-is-layout-9d6595d7 wp-block-columns-is-layout-flex\">\n<div class=\"wp-block-column is-layout-flow wp-block-column-is-layout-flow\" style=\"flex-basis:33.33%\">\n<figure class=\"wp-block-image size-full\"><a href=\"https:\/\/www.rarom.ro\/wp-content\/uploads\/2023\/07\/Tehno-pagini.jpg\"><img loading=\"lazy\" decoding=\"async\" width=\"250\" height=\"165\" src=\"https:\/\/www.rarom.ro\/wp-content\/uploads\/2023\/07\/Tehno-pagini.jpg\" alt=\"\" class=\"wp-image-293876\"\/><\/a><\/figure>\n<\/div>\n\n\n\n<div class=\"wp-block-column is-layout-flow wp-block-column-is-layout-flow\" style=\"flex-basis:66.66%\">\n<p>Una dintre preocup\u0103rile majore ale constructorilor de automobile este s\u0103 g\u0103seasc\u0103 noi solu\u021bii de mobilitate \u00een cazuri \u00een care o abordare clasic\u0103 nu are utilitate. De exemplu, cei de la Toyota ofer\u0103 op\u021biuni de mobilitate potrivite fiec\u0103rei etape din via\u021ba uman\u0103 care pot fi folosite cu u\u0219urin\u021b\u0103 ca transport local sau cu care se poate circula pe trotuar. [\u2026]<\/p>\n<\/div>\n<\/div>\n","protected":false},"excerpt":{"rendered":"<p>Toyota C+walk Una dintre preocup\u0103rile majore ale constructorilor de automobile este s\u0103 g\u0103seasc\u0103 noi solu\u021bii de mobilitate \u00een cazuri \u00een care o abordare clasic\u0103 nu are utilitate. De exemplu, cei de la Toyota ofer\u0103 op\u021biuni de mobilitate potrivite fiec\u0103rei etape din via\u021ba uman\u0103 care pot fi folosite cu u\u0219urin\u021b\u0103 ca transport local sau cu care [&hellip;]<\/p>\n","protected":false},"author":3,"featured_media":0,"parent":293654,"menu_order":5,"comment_status":"closed","ping_status":"closed","template":"","meta":{"_acf_changed":false,"footnotes":""},"class_list":["post-293873","page","type-page","status-publish","hentry"],"acf":[],"_links":{"self":[{"href":"https:\/\/www.rarom.ro\/index.php?rest_route=\/wp\/v2\/pages\/293873","targetHints":{"allow":["GET"]}}],"collection":[{"href":"https:\/\/www.rarom.ro\/index.php?rest_route=\/wp\/v2\/pages"}],"about":[{"href":"https:\/\/www.rarom.ro\/index.php?rest_route=\/wp\/v2\/types\/page"}],"author":[{"embeddable":true,"href":"https:\/\/www.rarom.ro\/index.php?rest_route=\/wp\/v2\/users\/3"}],"replies":[{"embeddable":true,"href":"https:\/\/www.rarom.ro\/index.php?rest_route=%2Fwp%2Fv2%2Fcomments&post=293873"}],"version-history":[{"count":4,"href":"https:\/\/www.rarom.ro\/index.php?rest_route=\/wp\/v2\/pages\/293873\/revisions"}],"predecessor-version":[{"id":293881,"href":"https:\/\/www.rarom.ro\/index.php?rest_route=\/wp\/v2\/pages\/293873\/revisions\/293881"}],"up":[{"embeddable":true,"href":"https:\/\/www.rarom.ro\/index.php?rest_route=\/wp\/v2\/pages\/293654"}],"wp:attachment":[{"href":"https:\/\/www.rarom.ro\/index.php?rest_route=%2Fwp%2Fv2%2Fmedia&parent=293873"}],"curies":[{"name":"wp","href":"https:\/\/api.w.org\/{rel}","templated":true}]}}