{"id":293815,"date":"2023-07-05T15:30:25","date_gmt":"2023-07-05T12:30:25","guid":{"rendered":"https:\/\/81.196.106.21\/?page_id=293815"},"modified":"2023-07-06T15:11:10","modified_gmt":"2023-07-06T12:11:10","slug":"bmw-ix1-xdrive30","status":"publish","type":"page","link":"https:\/\/www.rarom.ro\/?page_id=293815","title":{"rendered":"BMW iX1 xDrive30"},"content":{"rendered":"\n<p><strong>Test: BMW iX1 xDrive30<\/strong><\/p>\n\n\n<div class=\"wp-block-image\">\n<figure class=\"alignleft size-full\"><a href=\"https:\/\/www.rarom.ro\/wp-content\/uploads\/2023\/07\/Test-BMW-mare.jpg\"><img loading=\"lazy\" decoding=\"async\" width=\"730\" height=\"450\" src=\"https:\/\/www.rarom.ro\/wp-content\/uploads\/2023\/07\/Test-BMW-mare.jpg\" alt=\"\" class=\"wp-image-293816\" srcset=\"https:\/\/www.rarom.ro\/wp-content\/uploads\/2023\/07\/Test-BMW-mare.jpg 730w, https:\/\/www.rarom.ro\/wp-content\/uploads\/2023\/07\/Test-BMW-mare-300x185.jpg 300w\" sizes=\"auto, (max-width: 730px) 100vw, 730px\" \/><\/a><\/figure><\/div>\n\n\n<div style=\"height:30px\" aria-hidden=\"true\" class=\"wp-block-spacer\"><\/div>\n\n\n\n<div class=\"wp-block-columns is-layout-flex wp-container-core-columns-is-layout-9d6595d7 wp-block-columns-is-layout-flex\">\n<div class=\"wp-block-column is-layout-flow wp-block-column-is-layout-flow\" style=\"flex-basis:54%\">\n<p>Arhitectura \u0219asiului permite ca BMW X1 s\u0103 fie disponibil \u00een toate variantele posibile de motorizare: termic, plug-in hybrid \u015fi electric. Mai mult, toate modelele sunt asamblate pe aceea\u015fi linie tehnologic\u0103 a fabricii BMW din Regensburg. Dintre acestea, am avut prilejul s\u0103 m\u0103 \u00eent\u00e2lnesc cu cel care refuz\u0103 orice combustibil fosil pentru c\u0103 prefer\u0103 vol\u0163ii \u2013 noul BMW iX1 xDrive30. [\u2026]<\/p>\n<\/div>\n\n\n\n<div class=\"wp-block-column is-layout-flow wp-block-column-is-layout-flow\" style=\"flex-basis:33.33%\">\n<figure class=\"wp-block-image size-full\"><a href=\"https:\/\/www.rarom.ro\/wp-content\/uploads\/2023\/07\/Test-BMW-pagini-1.jpg\"><img loading=\"lazy\" decoding=\"async\" width=\"250\" height=\"165\" src=\"https:\/\/www.rarom.ro\/wp-content\/uploads\/2023\/07\/Test-BMW-pagini-1.jpg\" alt=\"\" class=\"wp-image-293971\"\/><\/a><\/figure>\n<\/div>\n<\/div>\n","protected":false},"excerpt":{"rendered":"<p>Test: BMW iX1 xDrive30 Arhitectura \u0219asiului permite ca BMW X1 s\u0103 fie disponibil \u00een toate variantele posibile de motorizare: termic, plug-in hybrid \u015fi electric. Mai mult, toate modelele sunt asamblate pe aceea\u015fi linie tehnologic\u0103 a fabricii BMW din Regensburg. Dintre acestea, am avut prilejul s\u0103 m\u0103 \u00eent\u00e2lnesc cu cel care refuz\u0103 orice combustibil fosil pentru [&hellip;]<\/p>\n","protected":false},"author":3,"featured_media":0,"parent":293662,"menu_order":3,"comment_status":"closed","ping_status":"closed","template":"","meta":{"_acf_changed":false,"footnotes":""},"class_list":["post-293815","page","type-page","status-publish","hentry"],"acf":[],"_links":{"self":[{"href":"https:\/\/www.rarom.ro\/index.php?rest_route=\/wp\/v2\/pages\/293815","targetHints":{"allow":["GET"]}}],"collection":[{"href":"https:\/\/www.rarom.ro\/index.php?rest_route=\/wp\/v2\/pages"}],"about":[{"href":"https:\/\/www.rarom.ro\/index.php?rest_route=\/wp\/v2\/types\/page"}],"author":[{"embeddable":true,"href":"https:\/\/www.rarom.ro\/index.php?rest_route=\/wp\/v2\/users\/3"}],"replies":[{"embeddable":true,"href":"https:\/\/www.rarom.ro\/index.php?rest_route=%2Fwp%2Fv2%2Fcomments&post=293815"}],"version-history":[{"count":5,"href":"https:\/\/www.rarom.ro\/index.php?rest_route=\/wp\/v2\/pages\/293815\/revisions"}],"predecessor-version":[{"id":293975,"href":"https:\/\/www.rarom.ro\/index.php?rest_route=\/wp\/v2\/pages\/293815\/revisions\/293975"}],"up":[{"embeddable":true,"href":"https:\/\/www.rarom.ro\/index.php?rest_route=\/wp\/v2\/pages\/293662"}],"wp:attachment":[{"href":"https:\/\/www.rarom.ro\/index.php?rest_route=%2Fwp%2Fv2%2Fmedia&parent=293815"}],"curies":[{"name":"wp","href":"https:\/\/api.w.org\/{rel}","templated":true}]}}