{"id":291993,"date":"2023-05-29T22:54:17","date_gmt":"2023-05-29T19:54:17","guid":{"rendered":"https:\/\/81.196.106.21\/?page_id=291993"},"modified":"2025-12-03T15:09:16","modified_gmt":"2025-12-03T13:09:16","slug":"programe-si-strategii","status":"publish","type":"page","link":"https:\/\/www.rarom.ro\/?page_id=291993","title":{"rendered":"Programe \u0219i strategii"},"content":{"rendered":"\n<p><strong>PROGRAME<\/strong><\/p>\n\n\n\n<p><a href=\"https:\/\/www.rarom.ro\/?p=299985\">Raport activitate \u015fi program 2024-2025<\/a><\/p>\n\n\n\n<p><a href=\"https:\/\/www.rarom.ro\/wp-content\/uploads\/2024\/04\/RAR-Raport-activitate-an-2023-Program-an-2024.pdf\" target=\"_blank\" rel=\"noreferrer noopener\">Raport activitate \u015fi program 2023-2024<\/a><\/p>\n\n\n\n<p><a href=\"https:\/\/www.rarom.ro\/wp-content\/uploads\/2023\/05\/Raport-activitate_program_2022-2023.pdf\" target=\"_blank\" rel=\"noreferrer noopener\">Raport activitate \u015fi program 2022-2023<\/a><\/p>\n\n\n\n<p><a href=\"https:\/\/www.rarom.ro\/wp-content\/uploads\/2022\/05\/Raport-activitate_program_2021-2022.pdf\" target=\"_blank\" rel=\"noreferrer noopener\">Raport activitate \u015fi program 2021-2022<\/a><\/p>\n\n\n\n<p><a href=\"https:\/\/www.rarom.ro\/wp-content\/uploads\/2021\/05\/RAR-Raport-activitate-an-2020.pdf\" target=\"_blank\" rel=\"noreferrer noopener\">Raport activitate \u015fi program 2020-2021<\/a><\/p>\n\n\n\n<p><a href=\"https:\/\/www.rarom.ro\/wp-content\/uploads\/2020\/06\/RaportActivitate2019_ProgramPropus2020.pdf\" target=\"_blank\" rel=\"noreferrer noopener\">Raport activitate \u015fi program 2019-2020<\/a><\/p>\n\n\n\n<p><a href=\"https:\/\/www.rarom.ro\/wp-content\/uploads\/2019\/04\/RaportActivitate2018_ProgramPropus2019.pdf\" target=\"_blank\" rel=\"noreferrer noopener\">Raport activitate \u015fi program 2018-2019<\/a><\/p>\n\n\n\n<p><a href=\"https:\/\/www.rarom.ro\/wp-content\/uploads\/2018\/07\/RaportActivitate2017_ProgramPropus2018.pdf\" target=\"_blank\" rel=\"noreferrer noopener\">Raport activitate \u015fi program 2017-2018<\/a><\/p>\n\n\n\n<p><a href=\"https:\/\/www.rarom.ro\/wp-content\/uploads\/2017\/05\/RaportActivitate2016_ProgramPropus2017.pdf\" target=\"_blank\" rel=\"noreferrer noopener\">Raport activitate \u015fi program 2016-2017<\/a><\/p>\n\n\n\n<p><a href=\"https:\/\/www.rarom.ro\/wp-content\/uploads\/2016\/03\/RAPORT-activitate_PROGRAM2015-20162.pdf\" target=\"_blank\" rel=\"noreferrer noopener\">Raport activitate \u015fi program 2015-2016<\/a><\/p>\n\n\n\n<p><a href=\"https:\/\/www.rarom.ro\/wp-content\/uploads\/2015\/10\/RapoartActivitate2014_ProgramPropus2015.pdf\" target=\"_blank\" rel=\"noreferrer noopener\">Raport activitate \u015fi program 2014-2015<\/a><\/p>\n\n\n\n<p><a href=\"https:\/\/www.rarom.ro\/wp-content\/uploads\/2015\/10\/RapoartActivitate2013_ProgramPropus2014.pdf\" target=\"_blank\" rel=\"noreferrer noopener\">Raport activitate \u015fi program 2013-2014<\/a><\/p>\n\n\n\n<p><a href=\"https:\/\/www.rarom.ro\/wp-content\/uploads\/2015\/10\/RAPORT-activitate-si-PROGRAM-2012-2013.pdf\" target=\"_blank\" rel=\"noreferrer noopener\">Raport activitate \u015fi program 2012-2013<\/a><\/p>\n\n\n\n<p><strong>STRATEGII<\/strong><\/p>\n\n\n\n<p><a href=\"https:\/\/www.rarom.ro\/wp-content\/uploads\/2025\/12\/Plan-de-administrare-al-RAR-RA-2024-2028-actualizat.pdf\" target=\"_blank\" rel=\"noreferrer noopener\">Plan de administrare al R.A.R-R.A pentru perioada 2024-2028 \u2013 actualizat<\/a><\/p>\n\n\n\n<p><a href=\"https:\/\/www.rarom.ro\/wp-content\/uploads\/2025\/02\/plan-de-administrare-al-RAR-RA-2024-2028.pdf\" target=\"_blank\" rel=\"noreferrer noopener\">Plan de administrare al R.A.R-R.A pentru perioada 2024-2028 &#8211; revizuit<\/a><\/p>\n\n\n\n<p><a href=\"https:\/\/www.rarom.ro\/wp-content\/uploads\/2024\/12\/Plan-de-administrare-al-RAR-RA-pentru-perioada-2024-2028.pdf\" target=\"_blank\" rel=\"noreferrer noopener\">Plan de administrare al R.A.R-R.A pentru perioada 2024-2028<\/a><\/p>\n\n\n\n<p><a href=\"https:\/\/www.rarom.ro\/cs-uploads\/info-rar\/StrategieRAR_2011-2018.pdf\" target=\"_blank\" rel=\"noreferrer noopener\">Strategia de dezvoltare a Registrului Auto Rom\u00e2n \u2013 RA pe termen scurt (2011 \u2013 2012) \u015fi mediu (2013-2018)<\/a><\/p>\n\n\n\n<p><a href=\"https:\/\/www.rarom.ro\/cs-uploads\/info-rar\/Strategia-anuala-de-achizitii-publice-2020.pdf\" target=\"_blank\" rel=\"noreferrer noopener\">Strategia anual\u0103 de achizi\u021bii publice pe anul 2020<\/a><\/p>\n\n\n\n<p><a href=\"https:\/\/www.rarom.ro\/cs-uploads\/info-rar\/Strategie-anuala-de-achizitii-publice-2021.pdf\" target=\"_blank\" rel=\"noreferrer noopener\">Strategia anual\u0103 de achizi\u021bii publice pe anul 2021<\/a><\/p>\n","protected":false},"excerpt":{"rendered":"<p>PROGRAME Raport activitate \u015fi program 2024-2025 Raport activitate \u015fi program 2023-2024 Raport activitate \u015fi program 2022-2023 Raport activitate \u015fi program 2021-2022 Raport activitate \u015fi program 2020-2021 Raport activitate \u015fi program 2019-2020 Raport activitate \u015fi program 2018-2019 Raport activitate \u015fi program 2017-2018 Raport activitate \u015fi program 2016-2017 Raport activitate \u015fi program 2015-2016 Raport activitate \u015fi program [&hellip;]<\/p>\n","protected":false},"author":16,"featured_media":0,"parent":6,"menu_order":5,"comment_status":"closed","ping_status":"closed","template":"","meta":{"_acf_changed":false,"footnotes":""},"class_list":["post-291993","page","type-page","status-publish","hentry"],"acf":[],"_links":{"self":[{"href":"https:\/\/www.rarom.ro\/index.php?rest_route=\/wp\/v2\/pages\/291993","targetHints":{"allow":["GET"]}}],"collection":[{"href":"https:\/\/www.rarom.ro\/index.php?rest_route=\/wp\/v2\/pages"}],"about":[{"href":"https:\/\/www.rarom.ro\/index.php?rest_route=\/wp\/v2\/types\/page"}],"author":[{"embeddable":true,"href":"https:\/\/www.rarom.ro\/index.php?rest_route=\/wp\/v2\/users\/16"}],"replies":[{"embeddable":true,"href":"https:\/\/www.rarom.ro\/index.php?rest_route=%2Fwp%2Fv2%2Fcomments&post=291993"}],"version-history":[{"count":8,"href":"https:\/\/www.rarom.ro\/index.php?rest_route=\/wp\/v2\/pages\/291993\/revisions"}],"predecessor-version":[{"id":301836,"href":"https:\/\/www.rarom.ro\/index.php?rest_route=\/wp\/v2\/pages\/291993\/revisions\/301836"}],"up":[{"embeddable":true,"href":"https:\/\/www.rarom.ro\/index.php?rest_route=\/wp\/v2\/pages\/6"}],"wp:attachment":[{"href":"https:\/\/www.rarom.ro\/index.php?rest_route=%2Fwp%2Fv2%2Fmedia&parent=291993"}],"curies":[{"name":"wp","href":"https:\/\/api.w.org\/{rel}","templated":true}]}}