{"id":2540,"date":"2016-04-27T09:35:22","date_gmt":"2016-04-27T06:35:22","guid":{"rendered":"https:\/\/www.rarom.ro\/?page_id=2540"},"modified":"2016-04-27T09:35:22","modified_gmt":"2016-04-27T06:35:22","slug":"ford-ecosport","status":"publish","type":"page","link":"https:\/\/www.rarom.ro\/?page_id=2540","title":{"rendered":"Ford EcoSport"},"content":{"rendered":"<p><strong>Test: Ford EcoSport<\/strong><\/p>\n<p><img loading=\"lazy\" decoding=\"async\" class=\"aligncenter size-full wp-image-2644\" src=\"https:\/\/www.rarom.ro\/wp-content\/uploads\/2016\/04\/TestEco_mare215.jpg\" alt=\"TestEco_mare215\" width=\"730\" height=\"450\" \/><\/p>\n<p style=\"text-align: justify;\"><img loading=\"lazy\" decoding=\"async\" class=\"size-full wp-image-2642 alignleft\" src=\"https:\/\/www.rarom.ro\/wp-content\/uploads\/2016\/04\/TestEco_pagini215.jpg\" alt=\"TestEco_pagini215\" width=\"250\" height=\"165\" \/>Chiar \u015fi \u00een absen\u0163a unei autostr\u0103zi, fabrica Ford din Craiova reu\u015fe\u015fte s\u0103 \u00ee\u015fi croiasc\u0103 drum c\u0103tre pia\u0163a european\u0103. Anun\u0163ul f\u0103cut la sf\u00e2r\u015fitul lunii martie de oficialii Ford conform c\u0103ruia doar aici se va produce modelul EcoSport destinat pie\u0163elor de pe continent, limpeze\u015fte at\u00e2t viitorul fabricii c\u00e2t \u015fi al celor aproximativ 2.700 de angaja\u0163i care lucreaz\u0103 aici. [&#8230;]<\/p>\n<p>&nbsp;<\/p>\n","protected":false},"excerpt":{"rendered":"<p>Test: Ford EcoSport Chiar \u015fi \u00een absen\u0163a unei autostr\u0103zi, fabrica Ford din Craiova reu\u015fe\u015fte s\u0103 \u00ee\u015fi croiasc\u0103 drum c\u0103tre pia\u0163a european\u0103. Anun\u0163ul f\u0103cut la sf\u00e2r\u015fitul lunii martie de oficialii Ford conform c\u0103ruia doar aici se va produce modelul EcoSport destinat pie\u0163elor de pe continent, limpeze\u015fte at\u00e2t viitorul fabricii c\u00e2t \u015fi al celor aproximativ 2.700 de [&hellip;]<\/p>\n","protected":false},"author":3,"featured_media":0,"parent":2526,"menu_order":4,"comment_status":"closed","ping_status":"closed","template":"","meta":{"_acf_changed":false,"footnotes":""},"class_list":["post-2540","page","type-page","status-publish","hentry"],"acf":[],"_links":{"self":[{"href":"https:\/\/www.rarom.ro\/index.php?rest_route=\/wp\/v2\/pages\/2540","targetHints":{"allow":["GET"]}}],"collection":[{"href":"https:\/\/www.rarom.ro\/index.php?rest_route=\/wp\/v2\/pages"}],"about":[{"href":"https:\/\/www.rarom.ro\/index.php?rest_route=\/wp\/v2\/types\/page"}],"author":[{"embeddable":true,"href":"https:\/\/www.rarom.ro\/index.php?rest_route=\/wp\/v2\/users\/3"}],"replies":[{"embeddable":true,"href":"https:\/\/www.rarom.ro\/index.php?rest_route=%2Fwp%2Fv2%2Fcomments&post=2540"}],"version-history":[{"count":1,"href":"https:\/\/www.rarom.ro\/index.php?rest_route=\/wp\/v2\/pages\/2540\/revisions"}],"predecessor-version":[{"id":2541,"href":"https:\/\/www.rarom.ro\/index.php?rest_route=\/wp\/v2\/pages\/2540\/revisions\/2541"}],"up":[{"embeddable":true,"href":"https:\/\/www.rarom.ro\/index.php?rest_route=\/wp\/v2\/pages\/2526"}],"wp:attachment":[{"href":"https:\/\/www.rarom.ro\/index.php?rest_route=%2Fwp%2Fv2%2Fmedia&parent=2540"}],"curies":[{"name":"wp","href":"https:\/\/api.w.org\/{rel}","templated":true}]}}