{"id":251,"date":"2015-10-15T12:20:22","date_gmt":"2015-10-15T12:20:22","guid":{"rendered":"https:\/\/www.rarom.ro\/?page_id=251"},"modified":"2023-08-02T16:41:34","modified_gmt":"2023-08-02T13:41:34","slug":"legaturi-utile","status":"publish","type":"page","link":"https:\/\/www.rarom.ro\/?page_id=251","title":{"rendered":"Leg\u0103turi utile"},"content":{"rendered":"<p><strong>Serviciul de Telecomunica\u021bii Speciale<br \/>\n<\/strong><a href=\"https:\/\/www.sts.ro\/ro\/despre-112\" target=\"_blank\" rel=\"noopener noreferrer\">https:\/\/www.sts.ro\/ro\/despre-112<\/a><\/p>\n<p><strong>Recens\u0103m\u00e2ntul\u00a0popula\u021biei \u0219i locuin\u021belor<br \/>\n<\/strong><a href=\"https:\/\/www.recensamantromania.ro\/\" target=\"_blank\" rel=\"noopener noreferrer\">https:\/\/www.recensamantromania.ro\/<\/a><\/p>\n<p><strong>Guvernul Rom\u00e2niei<br \/>\n<\/strong><a href=\"https:\/\/www.gov.ro\/\" target=\"_blank\" rel=\"noopener noreferrer\">https:\/\/www.gov.ro\/<\/a><\/p>\n<p><strong>Ministerul Transporturilor\u00a0\u0219i Infrastructurii<br \/>\n<\/strong><a href=\"http:\/\/www.mt.ro\/\" target=\"_blank\" rel=\"noopener noreferrer\">http:\/\/www.mt.ro<\/a><\/p>\n<p><strong>Poli\u0163ia Rom\u00e2na<br \/>\n<\/strong><a href=\"https:\/\/www.politiaromana.ro\/\" target=\"_blank\" rel=\"noopener noreferrer\">https:\/\/www.politiaromana.ro\/<\/a><\/p>\n<p><strong>Ministerul Finan\u0163elor<br \/>\n<\/strong><a href=\"https:\/\/mfinante.gov.ro\/ro\/web\/site\" target=\"_blank\" rel=\"noopener noreferrer\">https:\/\/mfinante.gov.ro<\/a><\/p>\n<p><strong>Agen\u0163ia Na\u0163ional\u0103 de Administrare Fiscal\u0103<br \/>\n<\/strong><a href=\"https:\/\/www.anaf.ro\/\" target=\"_blank\" rel=\"noopener noreferrer\">https:\/\/www.anaf.ro<\/a><\/p>\n<p><strong>Monitorul Oficial al Rom\u00e2niei<br \/>\n<\/strong><a href=\"https:\/\/www.monitoruloficial.ro\/\" target=\"_blank\" rel=\"noopener noreferrer\">https:\/\/www.monitoruloficial.ro<\/a><\/p>\n<p><strong>Institutul European din Rom\u00e2nia<\/strong><br \/>\n<a href=\"http:\/\/ier.gov.ro\/\" target=\"_blank\" rel=\"noopener noreferrer\">http:\/\/ier.gov.ro\/<\/a><\/p>\n<p><strong>Uniunea Interna\u0163ional\u0103 a Transporturilor Rutiere<br \/>\n<\/strong><a href=\"https:\/\/www.iru.org\/\" target=\"_blank\" rel=\"noopener noreferrer\">https:\/\/www.iru.org\/<\/a><\/p>\n<p><strong>CITA<\/strong> &#8211; Comitetul Interna\u0163ional pentru Inspec\u0163ii Tehnice Periodice<br \/>\n<a href=\"https:\/\/citainsp.org\/\" target=\"_blank\" rel=\"noopener noreferrer\">https:\/\/citainsp.org\/<\/a><\/p>\n<p><strong>ARC<\/strong> &#8211; Asocia\u0163ia Rom\u00e2n\u0103 pentru Calitate<br \/>\n<a href=\"http:\/\/www.quality.ro\/\" target=\"_blank\" rel=\"noopener noreferrer\">http:\/\/www.quality.ro\/<\/a><\/p>\n<p><strong>CONECT<\/strong> &#8211; Catalogul Organiza\u021biilor Neguvernamentale<br \/>\n<a href=\"http:\/\/conect.gov.ro\/1\/\" target=\"_blank\" rel=\"noopener noreferrer\">http:\/\/conect.gov.ro<\/a><\/p>\n<p><strong>SOLVIT <\/strong>&#8211; Solu\u021bii la probleme legate de drepturile dvs. Europene<br \/>\n<a href=\"https:\/\/ec.europa.eu\/solvit\/index_ro.htm\" target=\"_blank\" rel=\"noopener noreferrer\">https:\/\/ec.europa.eu<\/a><\/p>\n<p><strong>Your Europe<\/strong> &#8211; This webpage is part of an\u00a0EU quality network<br \/>\n<a href=\"https:\/\/europa.eu\/youreurope\/index.htm#en\" target=\"_blank\" rel=\"noopener noreferrer\">https:\/\/europa.eu<\/a><\/p>\n","protected":false},"excerpt":{"rendered":"<p>Serviciul de Telecomunica\u021bii Speciale https:\/\/www.sts.ro\/ro\/despre-112 Recens\u0103m\u00e2ntul\u00a0popula\u021biei \u0219i locuin\u021belor https:\/\/www.recensamantromania.ro\/ Guvernul Rom\u00e2niei https:\/\/www.gov.ro\/ Ministerul Transporturilor\u00a0\u0219i Infrastructurii http:\/\/www.mt.ro Poli\u0163ia Rom\u00e2na https:\/\/www.politiaromana.ro\/ Ministerul Finan\u0163elor https:\/\/mfinante.gov.ro Agen\u0163ia Na\u0163ional\u0103 de Administrare Fiscal\u0103 https:\/\/www.anaf.ro Monitorul Oficial al Rom\u00e2niei https:\/\/www.monitoruloficial.ro Institutul European din Rom\u00e2nia http:\/\/ier.gov.ro\/ Uniunea Interna\u0163ional\u0103 a Transporturilor Rutiere https:\/\/www.iru.org\/ CITA &#8211; Comitetul Interna\u0163ional pentru Inspec\u0163ii Tehnice Periodice https:\/\/citainsp.org\/ ARC &#8211; [&hellip;]<\/p>\n","protected":false},"author":1,"featured_media":0,"parent":14,"menu_order":11,"comment_status":"closed","ping_status":"closed","template":"","meta":{"_acf_changed":false,"footnotes":""},"class_list":["post-251","page","type-page","status-publish","hentry"],"acf":[],"_links":{"self":[{"href":"https:\/\/www.rarom.ro\/index.php?rest_route=\/wp\/v2\/pages\/251","targetHints":{"allow":["GET"]}}],"collection":[{"href":"https:\/\/www.rarom.ro\/index.php?rest_route=\/wp\/v2\/pages"}],"about":[{"href":"https:\/\/www.rarom.ro\/index.php?rest_route=\/wp\/v2\/types\/page"}],"author":[{"embeddable":true,"href":"https:\/\/www.rarom.ro\/index.php?rest_route=\/wp\/v2\/users\/1"}],"replies":[{"embeddable":true,"href":"https:\/\/www.rarom.ro\/index.php?rest_route=%2Fwp%2Fv2%2Fcomments&post=251"}],"version-history":[{"count":9,"href":"https:\/\/www.rarom.ro\/index.php?rest_route=\/wp\/v2\/pages\/251\/revisions"}],"predecessor-version":[{"id":294729,"href":"https:\/\/www.rarom.ro\/index.php?rest_route=\/wp\/v2\/pages\/251\/revisions\/294729"}],"up":[{"embeddable":true,"href":"https:\/\/www.rarom.ro\/index.php?rest_route=\/wp\/v2\/pages\/14"}],"wp:attachment":[{"href":"https:\/\/www.rarom.ro\/index.php?rest_route=%2Fwp%2Fv2%2Fmedia&parent=251"}],"curies":[{"name":"wp","href":"https:\/\/api.w.org\/{rel}","templated":true}]}}