{"id":2154,"date":"2016-03-02T11:37:32","date_gmt":"2016-03-02T09:37:32","guid":{"rendered":"https:\/\/www.rarom.ro\/?page_id=2154"},"modified":"2016-03-02T11:37:32","modified_gmt":"2016-03-02T09:37:32","slug":"eveniment","status":"publish","type":"page","link":"https:\/\/www.rarom.ro\/?page_id=2154","title":{"rendered":"Eveniment"},"content":{"rendered":"<h3>Salonul Auto de la Geneva<\/h3>\n<p><a href=\"\/wp-content\/uploads\/2016\/03\/Eveniment-mare.jpg\"><img loading=\"lazy\" decoding=\"async\" class=\"alignleft size-full wp-image-2199\" src=\"\/wp-content\/uploads\/2016\/03\/Eveniment-mare.jpg\" alt=\"Eveniment-mare\" width=\"730\" height=\"449\" \/><\/a><\/p>\n<p><a href=\"\/wp-content\/uploads\/2016\/03\/Eveniment-pagini.jpg\"><img loading=\"lazy\" decoding=\"async\" class=\"alignleft size-full wp-image-2201\" src=\"\/wp-content\/uploads\/2016\/03\/Eveniment-pagini.jpg\" alt=\"Eveniment-pagini\" width=\"250\" height=\"165\" \/><\/a><\/p>\n<p>Salonul Auto Interna\u0163ional de la Geneva reprezint\u0103 scena pe care \u00ee\u015fi fac debutul modele de automobile importante, printre care \u015fi multe ma\u015fini sport. Nu face excep\u0163ie nici edi\u0163ia a 86-a, ce se desf\u0103\u015foar\u0103 \u00eentre 3 \u015fi 13 martie 2016 \u015fi unde vor fi dezv\u0103luite SUV-ul sport Maserati Levante, supercar-urile Bugatti Chiron \u015fi Lamborghini Centenario, dar \u015fi prototipurile Alpine Vision \u015fi Opel GT. [&#8230;]<\/p>\n","protected":false},"excerpt":{"rendered":"<p>Salonul Auto de la Geneva Salonul Auto Interna\u0163ional de la Geneva reprezint\u0103 scena pe care \u00ee\u015fi fac debutul modele de automobile importante, printre care \u015fi multe ma\u015fini sport. Nu face excep\u0163ie nici edi\u0163ia a 86-a, ce se desf\u0103\u015foar\u0103 \u00eentre 3 \u015fi 13 martie 2016 \u015fi unde vor fi dezv\u0103luite SUV-ul sport Maserati Levante, supercar-urile Bugatti [&hellip;]<\/p>\n","protected":false},"author":3,"featured_media":0,"parent":2084,"menu_order":3,"comment_status":"closed","ping_status":"closed","template":"","meta":{"_acf_changed":false,"footnotes":""},"class_list":["post-2154","page","type-page","status-publish","hentry"],"acf":[],"_links":{"self":[{"href":"https:\/\/www.rarom.ro\/index.php?rest_route=\/wp\/v2\/pages\/2154","targetHints":{"allow":["GET"]}}],"collection":[{"href":"https:\/\/www.rarom.ro\/index.php?rest_route=\/wp\/v2\/pages"}],"about":[{"href":"https:\/\/www.rarom.ro\/index.php?rest_route=\/wp\/v2\/types\/page"}],"author":[{"embeddable":true,"href":"https:\/\/www.rarom.ro\/index.php?rest_route=\/wp\/v2\/users\/3"}],"replies":[{"embeddable":true,"href":"https:\/\/www.rarom.ro\/index.php?rest_route=%2Fwp%2Fv2%2Fcomments&post=2154"}],"version-history":[{"count":1,"href":"https:\/\/www.rarom.ro\/index.php?rest_route=\/wp\/v2\/pages\/2154\/revisions"}],"predecessor-version":[{"id":2155,"href":"https:\/\/www.rarom.ro\/index.php?rest_route=\/wp\/v2\/pages\/2154\/revisions\/2155"}],"up":[{"embeddable":true,"href":"https:\/\/www.rarom.ro\/index.php?rest_route=\/wp\/v2\/pages\/2084"}],"wp:attachment":[{"href":"https:\/\/www.rarom.ro\/index.php?rest_route=%2Fwp%2Fv2%2Fmedia&parent=2154"}],"curies":[{"name":"wp","href":"https:\/\/api.w.org\/{rel}","templated":true}]}}