{"id":1990,"date":"2016-02-04T15:00:17","date_gmt":"2016-02-04T13:00:17","guid":{"rendered":"https:\/\/www.rarom.ro\/?page_id=1990"},"modified":"2016-02-04T15:00:17","modified_gmt":"2016-02-04T13:00:17","slug":"sport","status":"publish","type":"page","link":"https:\/\/www.rarom.ro\/?page_id=1990","title":{"rendered":"Sport"},"content":{"rendered":"<h3>Dakar 2016<\/h3>\n<p><a href=\"\/wp-content\/uploads\/2016\/02\/Sport_mare212.jpg\"><img loading=\"lazy\" decoding=\"async\" class=\"alignleft size-full wp-image-1991\" src=\"\/wp-content\/uploads\/2016\/02\/Sport_mare212.jpg\" alt=\"Sport_mare212\" width=\"730\" height=\"450\" srcset=\"https:\/\/www.rarom.ro\/wp-content\/uploads\/2016\/02\/Sport_mare212.jpg 730w, https:\/\/www.rarom.ro\/wp-content\/uploads\/2016\/02\/Sport_mare212-300x185.jpg 300w\" sizes=\"auto, (max-width: 730px) 100vw, 730px\" \/><\/a><br \/>\n<a href=\"\/wp-content\/uploads\/2016\/02\/Sport_pagini212.jpg\"><img loading=\"lazy\" decoding=\"async\" class=\"alignleft size-full wp-image-1993\" src=\"\/wp-content\/uploads\/2016\/02\/Sport_pagini212.jpg\" alt=\"Sport_pagini212\" width=\"250\" height=\"165\" \/><\/a>Edi\u0163ia 2016 a celebrului rally-raid a fost punctat\u0103 de revenirea francezilor de la Peugeot pe cea mai \u00eenalt\u0103 treapt\u0103 a podiumului, un nou c\u00e2\u015ftig\u0103tor la clasa moto \u015fi \u00eentreruperea domina\u0163iei Kamaz la clasa camioanelor. Plus locul 14 pentru un motociclist rom\u00e2n \u015fi o figur\u0103 bun\u0103 a modelelor Duster \u00eenscrise \u00een competi\u0163ie. [&#8230;]<\/p>\n","protected":false},"excerpt":{"rendered":"<p>Dakar 2016 Edi\u0163ia 2016 a celebrului rally-raid a fost punctat\u0103 de revenirea francezilor de la Peugeot pe cea mai \u00eenalt\u0103 treapt\u0103 a podiumului, un nou c\u00e2\u015ftig\u0103tor la clasa moto \u015fi \u00eentreruperea domina\u0163iei Kamaz la clasa camioanelor. Plus locul 14 pentru un motociclist rom\u00e2n \u015fi o figur\u0103 bun\u0103 a modelelor Duster \u00eenscrise \u00een competi\u0163ie. [&#8230;]<\/p>\n","protected":false},"author":2,"featured_media":0,"parent":1932,"menu_order":5,"comment_status":"closed","ping_status":"closed","template":"","meta":{"_acf_changed":false,"footnotes":""},"class_list":["post-1990","page","type-page","status-publish","hentry"],"acf":[],"_links":{"self":[{"href":"https:\/\/www.rarom.ro\/index.php?rest_route=\/wp\/v2\/pages\/1990","targetHints":{"allow":["GET"]}}],"collection":[{"href":"https:\/\/www.rarom.ro\/index.php?rest_route=\/wp\/v2\/pages"}],"about":[{"href":"https:\/\/www.rarom.ro\/index.php?rest_route=\/wp\/v2\/types\/page"}],"author":[{"embeddable":true,"href":"https:\/\/www.rarom.ro\/index.php?rest_route=\/wp\/v2\/users\/2"}],"replies":[{"embeddable":true,"href":"https:\/\/www.rarom.ro\/index.php?rest_route=%2Fwp%2Fv2%2Fcomments&post=1990"}],"version-history":[{"count":1,"href":"https:\/\/www.rarom.ro\/index.php?rest_route=\/wp\/v2\/pages\/1990\/revisions"}],"predecessor-version":[{"id":1995,"href":"https:\/\/www.rarom.ro\/index.php?rest_route=\/wp\/v2\/pages\/1990\/revisions\/1995"}],"up":[{"embeddable":true,"href":"https:\/\/www.rarom.ro\/index.php?rest_route=\/wp\/v2\/pages\/1932"}],"wp:attachment":[{"href":"https:\/\/www.rarom.ro\/index.php?rest_route=%2Fwp%2Fv2%2Fmedia&parent=1990"}],"curies":[{"name":"wp","href":"https:\/\/api.w.org\/{rel}","templated":true}]}}