{"id":16,"date":"2015-10-08T12:49:17","date_gmt":"2015-10-08T12:49:17","guid":{"rendered":"https:\/\/www.rarom.ro\/?page_id=16"},"modified":"2025-10-24T11:52:16","modified_gmt":"2025-10-24T08:52:16","slug":"contact","status":"publish","type":"page","link":"https:\/\/www.rarom.ro\/?page_id=16","title":{"rendered":"Contact"},"content":{"rendered":"\n<p><em>Registrul Auto Rom\u00e2n (R.A.R) pune la dispozi\u0163ie publicului serviciile sale \u00een fiecare jude\u0163, \u00eentr-o reprezentan\u0163\u0103 la care se poate ajunge urm\u00e2nd indica\u0163iile de mai jos:<\/em><\/p>\n\n\n<div class=\"map_wrapper\" id=\"map_wrapper_291960\">\n<div class=\"map_box\" style=\"max-width:2200px\">\n<div class=\"map_aspect_ratio\" style=\"padding-top:56%\" data-padding-top=\"56%\" data-padding-top-mobile=\"0%\">\n<div class=\"map_container\">\n<div class=\"map_render map_loading\" id=\"map_291960\"><\/div>\n<\/div>\n<\/div>\n<\/div>\n<\/div>\n\n\n\n<div style=\"height:41px\" aria-hidden=\"true\" class=\"wp-block-spacer\"><\/div>\n\n\n\n<p class=\"has-text-align-center\"><em>Pentru a veni \u00een \u00eent\u00e2mpinarea solicit\u0103rilor clien\u0163ilor no\u015ftri programul poate diferi de cel afi\u015fat. Pentru informa\u0163ii actuale v\u0103 rug\u0103m s\u0103 contacta\u0163i reprezentan\u0163a.<\/em><\/p>\n\n\n\n<div style=\"height:40px\" aria-hidden=\"true\" class=\"wp-block-spacer\"><\/div>\n\n\n\n<hr>\n\n\n\n<div style=\"height:40px\" aria-hidden=\"true\" class=\"wp-block-spacer\"><\/div>\n\n\n\n<div style=\"height:20px\" aria-hidden=\"true\" class=\"wp-block-spacer\"><\/div>\n\n\n\n<div class=\"wp-block-columns is-layout-flex wp-container-core-columns-is-layout-9d6595d7 wp-block-columns-is-layout-flex\">\n<div class=\"wp-block-column is-layout-flow wp-block-column-is-layout-flow\" style=\"flex-basis:33.33%\">\n<p><strong>Sediul Central<\/strong><\/p>\n\n\n\n<p><\/p>\n\n\n\n<p>Calea Grivi\u0163ei, nr. 391A, sector 1, Bucure\u015fti, cod 010719<br>Coordonate GPS:<br>44.468488, 26.051998<\/p>\n\n\n\n<p>Tel. central\u0103: 021\/202.70.00<br>Fax: 021\/318.17.54<\/p>\n\n\n\n<p>Program\u0103ri \u0219i Informa\u0163ii generale:<br>021\/9672&nbsp;<em>(*tarif normal RCS &amp; RDS<\/em>)<\/p>\n\n\n\n<p>E-mail:&nbsp;<a href=\"mailto:office@rarom.ro\" target=\"_blank\" rel=\"noreferrer noopener\">office@rarom.ro<\/a><\/p>\n\n\n\n<a href=\"https:\/\/www.rarom.ro\" target=\"_blank\" rel=\"noopener noreferrer\">https:\/\/www.rarom.ro<\/a><br>\n\n<a href=\"https:\/\/www.facebook.com\/RegistrulAuto\" target=\"_blank\" rel=\"noopener noreferrer\">https:\/\/www.facebook.com\/RegistrulAuto<\/a>\n\n\n\n<div style=\"height:20px\" aria-hidden=\"true\" class=\"wp-block-spacer\"><\/div>\n\n\n\n<p><strong>Program de lucru cu publicul:<\/strong><br>luni &#8211; joi: 8:00 &#8211; 16:00<br>vineri: 8:00 &#8211; 13:30<\/p>\n<\/div>\n\n\n\n<div class=\"wp-block-column is-layout-flow wp-block-column-is-layout-flow\" style=\"flex-basis:66.66%\">\n<p><strong>Formular de contact<\/strong><\/p>\n\n\n<p>[contact-form-7 id=&#8221;291969&#8243; title=&#8221;Formular de contact&#8221;]<\/p>\n<\/div>\n<\/div>\n\n\n\n<div style=\"height:20px\" aria-hidden=\"true\" class=\"wp-block-spacer\"><\/div>\n\n\n\n<div class=\"wp-block-columns is-layout-flex wp-container-core-columns-is-layout-9d6595d7 wp-block-columns-is-layout-flex\">\n<div class=\"wp-block-column is-layout-flow wp-block-column-is-layout-flow\" style=\"flex-basis:33.33%\">\n<p><em><strong>Reprezentan\u0163a Bucure\u0219ti \u2013 Grivi\u021ba<\/strong><\/em><\/p>\n\n\n\n<p>Calea Grivi\u0163ei, nr. 391A, sector 1, Bucure\u015fti, cod 010719<br>Coordonate GPS:<br>44.468488, 26.051998<\/p>\n\n\n\n<p>Tel. central\u0103: 021\/202.70.00<br>Tel. informa\u0163ii: 0372.184.850<br>Fax: 021\/318.17.54<\/p>\n\n\n\n<p>Program\u0103ri \u0219i Informa\u0163ii generale:<br>021\/9672&nbsp;<em>(*tarif normal RCS &amp; RDS<\/em>)<\/p>\n\n\n\n<p><strong>Program de lucru cu publicul:<\/strong><br>luni &#8211; joi: 8:00 &#8211; 16:00<br>vineri: 8:00 &#8211; 13:30<\/p>\n<\/div>\n\n\n\n<div class=\"wp-block-column is-layout-flow wp-block-column-is-layout-flow\" style=\"flex-basis:66.66%\">\n<iframe loading=\"lazy\"\n    src=\"https:\/\/www.google.com\/maps\/embed?pb=!1m17!1m12!1m3!1d2847.3565201898314!2d26.050538376588204!3d44.46686439942668!2m3!1f0!2f0!3f0!3m2!1i1024!2i768!4f13.1!3m2!1m1!2zNDTCsDI4JzAwLjciTiAyNsKwMDMnMTEuMiJF!5e0!3m2!1sen!2sro!4v1685385551697!5m2!1sen!2sro\" \n    width=\"100%\"\n    height=\"300\"\n    frameborder=\"0\"\n    style=\"border:0\"\n    allowfullscreen\n><\/iframe>\n<\/div>\n<\/div>\n\n\n\n<div class=\"wp-block-columns is-layout-flex wp-container-core-columns-is-layout-9d6595d7 wp-block-columns-is-layout-flex\">\n<div class=\"wp-block-column is-layout-flow wp-block-column-is-layout-flow\" style=\"flex-basis:33.33%\">\n<p><em><strong>Reprezentan\u021ba Bucure\u0219ti \u2013 Voluntari<\/strong><\/em><\/p>\n\n\n\n<p>Str. B\u00e2rsei nr.1, com. Voluntari<br>Coordonate GPS:<br>44.501957, 26.198381<\/p>\n\n\n\n<p>Tel. informa\u0163ii: 021\/350.82.82<br>Fax: 021\/350.82.80<\/p>\n\n\n\n<p>Program\u0103ri \u0219i Informa\u0163ii generale:<br>021\/9672&nbsp;<em>(*tarif normal RCS &amp; RDS<\/em>)<\/p>\n\n\n\n<p><strong>Program de lucru cu publicul:<\/strong><br>luni &#8211; joi: 8:00 &#8211; 16:00<br>vineri: 8:00 &#8211; 13:30<\/p>\n<\/div>\n\n\n\n<div class=\"wp-block-column is-layout-flow wp-block-column-is-layout-flow\" style=\"flex-basis:66.66%\">\n<iframe loading=\"lazy\"\n    src=\"https:\/\/www.google.com\/maps\/embed?pb=!1m17!1m12!1m3!1d2845.6297031744034!2d26.195300076589657!3d44.502253797104395!2m3!1f0!2f0!3f0!3m2!1i1024!2i768!4f13.1!3m2!1m1!2zNDTCsDMwJzA4LjEiTiAyNsKwMTEnNTIuNCJF!5e0!3m2!1sen!2sro!4v1685386429379!5m2!1sen!2sro\" \n    width=\"100%\"\n    height=\"300\"\n    frameborder=\"0\"\n    style=\"border:0\"\n    allowfullscreen\n><\/iframe>\n<\/div>\n<\/div>\n\n\n\n<hr>\n\n\n\n<div style=\"height:20px\" aria-hidden=\"true\" class=\"wp-block-spacer\"><\/div>\n\n\n\n<p><span style=\"color: #ff0000;\"><strong>Informa\u0163ie important\u0103!<\/strong><\/span><\/p>\n\n\n\n<p><span style=\"color: #000000;\">Ultimul interval de 30 de minute al programului de lucru cu publicul este destinat finaliz\u0103rii activit\u0103\u021bilor deja efectuate \u0219i eliber\u0103rii documentelor specifice, f\u0103r\u0103 a se ini\u021bia activit\u0103\u021bi noi.<\/span><\/p>\n\n\n\n<div style=\"height:20px\" aria-hidden=\"true\" class=\"wp-block-spacer\"><\/div>\n","protected":false},"excerpt":{"rendered":"<p>Registrul Auto Rom\u00e2n (R.A.R) pune la dispozi\u0163ie publicului serviciile sale \u00een fiecare jude\u0163, \u00eentr-o reprezentan\u0163\u0103 la care se poate ajunge urm\u00e2nd indica\u0163iile de mai jos: Pentru a veni \u00een \u00eent\u00e2mpinarea solicit\u0103rilor clien\u0163ilor no\u015ftri programul poate diferi de cel afi\u015fat. Pentru informa\u0163ii actuale v\u0103 rug\u0103m s\u0103 contacta\u0163i reprezentan\u0163a. Sediul Central Calea Grivi\u0163ei, nr. 391A, sector 1, [&hellip;]<\/p>\n","protected":false},"author":1,"featured_media":0,"parent":0,"menu_order":0,"comment_status":"closed","ping_status":"closed","template":"","meta":{"_acf_changed":false,"footnotes":""},"class_list":["post-16","page","type-page","status-publish","hentry"],"acf":[],"_links":{"self":[{"href":"https:\/\/www.rarom.ro\/index.php?rest_route=\/wp\/v2\/pages\/16","targetHints":{"allow":["GET"]}}],"collection":[{"href":"https:\/\/www.rarom.ro\/index.php?rest_route=\/wp\/v2\/pages"}],"about":[{"href":"https:\/\/www.rarom.ro\/index.php?rest_route=\/wp\/v2\/types\/page"}],"author":[{"embeddable":true,"href":"https:\/\/www.rarom.ro\/index.php?rest_route=\/wp\/v2\/users\/1"}],"replies":[{"embeddable":true,"href":"https:\/\/www.rarom.ro\/index.php?rest_route=%2Fwp%2Fv2%2Fcomments&post=16"}],"version-history":[{"count":60,"href":"https:\/\/www.rarom.ro\/index.php?rest_route=\/wp\/v2\/pages\/16\/revisions"}],"predecessor-version":[{"id":301687,"href":"https:\/\/www.rarom.ro\/index.php?rest_route=\/wp\/v2\/pages\/16\/revisions\/301687"}],"wp:attachment":[{"href":"https:\/\/www.rarom.ro\/index.php?rest_route=%2Fwp%2Fv2%2Fmedia&parent=16"}],"curies":[{"name":"wp","href":"https:\/\/api.w.org\/{rel}","templated":true}]}}

<p><em>Registrul Auto Român (R.A.R) pune la dispoziţie publicului serviciile sale în fiecare judeţ, într-o reprezentanţă la care se poate ajunge urmând indicaţiile de mai jos:</em></p>


<div class="map_wrapper" id="map_wrapper_291960">
<div class="map_box" style="max-width:2200px">
<div class="map_aspect_ratio" style="padding-top:56%" data-padding-top="56%" data-padding-top-mobile="0%">
<div class="map_container">
<div class="map_render map_loading" id="map_291960"></div>
</div>
</div>
</div>
</div>



<div style="height:41px" aria-hidden="true" class="wp-block-spacer"></div>



<p class="has-text-align-center"><em>Pentru a veni în întâmpinarea solicitărilor clienţilor noştri programul poate diferi de cel afişat. Pentru informaţii actuale vă rugăm să contactaţi reprezentanţa.</em></p>



<div style="height:40px" aria-hidden="true" class="wp-block-spacer"></div>



<hr>



<div style="height:40px" aria-hidden="true" class="wp-block-spacer"></div>



<div style="height:20px" aria-hidden="true" class="wp-block-spacer"></div>



<div class="wp-block-columns is-layout-flex wp-container-core-columns-is-layout-9d6595d7 wp-block-columns-is-layout-flex">
<div class="wp-block-column is-layout-flow wp-block-column-is-layout-flow" style="flex-basis:33.33%">
<p><strong>Sediul Central</strong></p>



<p></p>



<p>Calea Griviţei, nr. 391A, sector 1, Bucureşti, cod 010719<br>Coordonate GPS:<br>44.468488, 26.051998</p>



<p>Tel. centrală: 021/202.70.00<br>Fax: 021/318.17.54</p>



<p>Programări și Informaţii generale:<br>021/9672&nbsp;<em>(*tarif normal RCS &amp; RDS</em>)</p>



<p>E-mail:&nbsp;<a href="mailto:office@rarom.ro" target="_blank" rel="noreferrer noopener">office@rarom.ro</a></p>



<a href="https://www.rarom.ro" target="_blank" rel="noopener noreferrer">https://www.rarom.ro</a><br>

<a href="https://www.facebook.com/RegistrulAuto" target="_blank" rel="noopener noreferrer">https://www.facebook.com/RegistrulAuto</a>



<div style="height:20px" aria-hidden="true" class="wp-block-spacer"></div>



<p><strong>Program de lucru cu publicul:</strong><br>luni &#8211; joi: 8:00 &#8211; 16:00<br>vineri: 8:00 &#8211; 13:30</p>
</div>



<div class="wp-block-column is-layout-flow wp-block-column-is-layout-flow" style="flex-basis:66.66%">
<p><strong>Formular de contact</strong></p>


<p>[contact-form-7 id=&#8221;291969&#8243; title=&#8221;Formular de contact&#8221;]</p>
</div>
</div>



<div style="height:20px" aria-hidden="true" class="wp-block-spacer"></div>



<div class="wp-block-columns is-layout-flex wp-container-core-columns-is-layout-9d6595d7 wp-block-columns-is-layout-flex">
<div class="wp-block-column is-layout-flow wp-block-column-is-layout-flow" style="flex-basis:33.33%">
<p><em><strong>Reprezentanţa București – Grivița</strong></em></p>



<p>Calea Griviţei, nr. 391A, sector 1, Bucureşti, cod 010719<br>Coordonate GPS:<br>44.468488, 26.051998</p>



<p>Tel. centrală: 021/202.70.00<br>Tel. informaţii: 0372.184.850<br>Fax: 021/318.17.54</p>



<p>Programări și Informaţii generale:<br>021/9672&nbsp;<em>(*tarif normal RCS &amp; RDS</em>)</p>



<p><strong>Program de lucru cu publicul:</strong><br>luni &#8211; joi: 8:00 &#8211; 16:00<br>vineri: 8:00 &#8211; 13:30</p>
</div>



<div class="wp-block-column is-layout-flow wp-block-column-is-layout-flow" style="flex-basis:66.66%">
<iframe loading="lazy"
    src="https://www.google.com/maps/embed?pb=!1m17!1m12!1m3!1d2847.3565201898314!2d26.050538376588204!3d44.46686439942668!2m3!1f0!2f0!3f0!3m2!1i1024!2i768!4f13.1!3m2!1m1!2zNDTCsDI4JzAwLjciTiAyNsKwMDMnMTEuMiJF!5e0!3m2!1sen!2sro!4v1685385551697!5m2!1sen!2sro" 
    width="100%"
    height="300"
    frameborder="0"
    style="border:0"
    allowfullscreen
></iframe>
</div>
</div>



<div class="wp-block-columns is-layout-flex wp-container-core-columns-is-layout-9d6595d7 wp-block-columns-is-layout-flex">
<div class="wp-block-column is-layout-flow wp-block-column-is-layout-flow" style="flex-basis:33.33%">
<p><em><strong>Reprezentanța București – Voluntari</strong></em></p>



<p>Str. Bârsei nr.1, com. Voluntari<br>Coordonate GPS:<br>44.501957, 26.198381</p>



<p>Tel. informaţii: 021/350.82.82<br>Fax: 021/350.82.80</p>



<p>Programări și Informaţii generale:<br>021/9672&nbsp;<em>(*tarif normal RCS &amp; RDS</em>)</p>



<p><strong>Program de lucru cu publicul:</strong><br>luni &#8211; joi: 8:00 &#8211; 16:00<br>vineri: 8:00 &#8211; 13:30</p>
</div>



<div class="wp-block-column is-layout-flow wp-block-column-is-layout-flow" style="flex-basis:66.66%">
<iframe loading="lazy"
    src="https://www.google.com/maps/embed?pb=!1m17!1m12!1m3!1d2845.6297031744034!2d26.195300076589657!3d44.502253797104395!2m3!1f0!2f0!3f0!3m2!1i1024!2i768!4f13.1!3m2!1m1!2zNDTCsDMwJzA4LjEiTiAyNsKwMTEnNTIuNCJF!5e0!3m2!1sen!2sro!4v1685386429379!5m2!1sen!2sro" 
    width="100%"
    height="300"
    frameborder="0"
    style="border:0"
    allowfullscreen
></iframe>
</div>
</div>



<hr>



<div style="height:20px" aria-hidden="true" class="wp-block-spacer"></div>



<p><span style="color: #ff0000;"><strong>Informaţie importantă!</strong></span></p>



<p><span style="color: #000000;">Ultimul interval de 30 de minute al programului de lucru cu publicul este destinat finalizării activităților deja efectuate și eliberării documentelor specifice, fără a se iniția activități noi.</span></p>



<div style="height:20px" aria-hidden="true" class="wp-block-spacer"></div>

<p>Registrul Auto Român (R.A.R) pune la dispoziţie publicului serviciile sale în fiecare judeţ, într-o reprezentanţă la care se poate ajunge urmând indicaţiile de mai jos: Pentru a veni în întâmpinarea solicitărilor clienţilor noştri programul poate diferi de cel afişat. Pentru informaţii actuale vă rugăm să contactaţi reprezentanţa. Sediul Central Calea Griviţei, nr. 391A, sector 1, [&hellip;]</p>
