{"id":15026,"date":"2023-03-31T13:36:01","date_gmt":"2023-03-31T10:36:01","guid":{"rendered":"https:\/\/www.rarom.ro\/?page_id=15026"},"modified":"2023-04-03T09:27:03","modified_gmt":"2023-04-03T06:27:03","slug":"draga-mea-masina","status":"publish","type":"page","link":"https:\/\/www.rarom.ro\/?page_id=15026","title":{"rendered":"Draga mea ma\u0219in\u0103"},"content":{"rendered":"<p><strong>Ford A<\/strong><\/p>\n<p><img loading=\"lazy\" decoding=\"async\" class=\"aligncenter size-full wp-image-15027\" src=\"https:\/\/www.rarom.ro\/wp-content\/uploads\/2023\/03\/Draga-mea-mare.jpeg\" alt=\"\" width=\"730\" height=\"450\" srcset=\"https:\/\/www.rarom.ro\/wp-content\/uploads\/2023\/03\/Draga-mea-mare.jpeg 730w, https:\/\/www.rarom.ro\/wp-content\/uploads\/2023\/03\/Draga-mea-mare-300x185.jpeg 300w\" sizes=\"auto, (max-width: 730px) 100vw, 730px\" \/><\/p>\n<p style=\"text-align: justify;\"><img loading=\"lazy\" decoding=\"async\" class=\"size-full wp-image-15029 alignleft\" src=\"https:\/\/www.rarom.ro\/wp-content\/uploads\/2023\/03\/Draga-mea-pagini.jpg\" alt=\"\" width=\"250\" height=\"165\" \/>\u00a0\u00cen copil\u0103rie a suferit un accident care i-a pus via\u021ba \u00een pericol. Mai bine de 30 de ani, Cristi Ionescu nu a avut curaj s\u0103 se urce la volanul unui kart, dar acum \u0219i-a cump\u0103rat unul \u0219i este gata s\u0103-\u0219i \u00eenving\u0103 frica. Este pasionat de autovehicule istorice \u0219i le repar\u0103 \u00eempreun\u0103 cu unul dintre b\u0103ie\u021bii lui. \u201eSeniorul\u201d din garaj este un Ford A fabricat \u00een anul 1928. [\u2026]<\/p>\n","protected":false},"excerpt":{"rendered":"<p>Ford A \u00a0\u00cen copil\u0103rie a suferit un accident care i-a pus via\u021ba \u00een pericol. Mai bine de 30 de ani, Cristi Ionescu nu a avut curaj s\u0103 se urce la volanul unui kart, dar acum \u0219i-a cump\u0103rat unul \u0219i este gata s\u0103-\u0219i \u00eenving\u0103 frica. Este pasionat de autovehicule istorice \u0219i le repar\u0103 \u00eempreun\u0103 cu unul [&hellip;]<\/p>\n","protected":false},"author":3,"featured_media":0,"parent":14987,"menu_order":5,"comment_status":"closed","ping_status":"closed","template":"","meta":{"_acf_changed":false,"footnotes":""},"class_list":["post-15026","page","type-page","status-publish","hentry"],"acf":[],"_links":{"self":[{"href":"https:\/\/www.rarom.ro\/index.php?rest_route=\/wp\/v2\/pages\/15026","targetHints":{"allow":["GET"]}}],"collection":[{"href":"https:\/\/www.rarom.ro\/index.php?rest_route=\/wp\/v2\/pages"}],"about":[{"href":"https:\/\/www.rarom.ro\/index.php?rest_route=\/wp\/v2\/types\/page"}],"author":[{"embeddable":true,"href":"https:\/\/www.rarom.ro\/index.php?rest_route=\/wp\/v2\/users\/3"}],"replies":[{"embeddable":true,"href":"https:\/\/www.rarom.ro\/index.php?rest_route=%2Fwp%2Fv2%2Fcomments&post=15026"}],"version-history":[{"count":1,"href":"https:\/\/www.rarom.ro\/index.php?rest_route=\/wp\/v2\/pages\/15026\/revisions"}],"predecessor-version":[{"id":15031,"href":"https:\/\/www.rarom.ro\/index.php?rest_route=\/wp\/v2\/pages\/15026\/revisions\/15031"}],"up":[{"embeddable":true,"href":"https:\/\/www.rarom.ro\/index.php?rest_route=\/wp\/v2\/pages\/14987"}],"wp:attachment":[{"href":"https:\/\/www.rarom.ro\/index.php?rest_route=%2Fwp%2Fv2%2Fmedia&parent=15026"}],"curies":[{"name":"wp","href":"https:\/\/api.w.org\/{rel}","templated":true}]}}