{"id":15002,"date":"2023-03-31T13:28:58","date_gmt":"2023-03-31T10:28:58","guid":{"rendered":"https:\/\/www.rarom.ro\/?page_id=15002"},"modified":"2023-04-03T09:25:03","modified_gmt":"2023-04-03T06:25:03","slug":"ford-ranger-raptor","status":"publish","type":"page","link":"https:\/\/www.rarom.ro\/?page_id=15002","title":{"rendered":"Ford Ranger Raptor"},"content":{"rendered":"<p><strong>Test: Ford Ranger Raptor<\/strong><\/p>\n<p><img loading=\"lazy\" decoding=\"async\" class=\"aligncenter size-full wp-image-15003\" src=\"https:\/\/www.rarom.ro\/wp-content\/uploads\/2023\/03\/Test-Ford-mare.jpg\" alt=\"\" width=\"730\" height=\"450\" srcset=\"https:\/\/www.rarom.ro\/wp-content\/uploads\/2023\/03\/Test-Ford-mare.jpg 730w, https:\/\/www.rarom.ro\/wp-content\/uploads\/2023\/03\/Test-Ford-mare-300x185.jpg 300w\" sizes=\"auto, (max-width: 730px) 100vw, 730px\" \/><\/p>\n<p style=\"text-align: justify;\"><img loading=\"lazy\" decoding=\"async\" class=\"size-full wp-image-15005 alignleft\" src=\"https:\/\/www.rarom.ro\/wp-content\/uploads\/2023\/03\/Test-Ford-pagini.jpg\" alt=\"\" width=\"250\" height=\"165\" \/>\u00a0Exist\u0103 pick-upuri \u015fi exist\u0103 Ford Ranger Raptor. O sarcin\u0103 util\u0103 maxim\u0103<br \/>\nde 656 kg reprezint\u0103 o glum\u0103 pentru un pick-up standard, apt \u015fi dornic<br \/>\nde munc\u0103. Dar c\u00e2te alte pick-upuri au un motor V6 pe benzin\u0103, amortizoare Fox de competi\u0163ie, sistem de evacuare controlat electronic sau discuri ventilate la puntea spate? [\u2026]<\/p>\n","protected":false},"excerpt":{"rendered":"<p>Test: Ford Ranger Raptor \u00a0Exist\u0103 pick-upuri \u015fi exist\u0103 Ford Ranger Raptor. O sarcin\u0103 util\u0103 maxim\u0103 de 656 kg reprezint\u0103 o glum\u0103 pentru un pick-up standard, apt \u015fi dornic de munc\u0103. Dar c\u00e2te alte pick-upuri au un motor V6 pe benzin\u0103, amortizoare Fox de competi\u0163ie, sistem de evacuare controlat electronic sau discuri ventilate la puntea spate? [&hellip;]<\/p>\n","protected":false},"author":3,"featured_media":0,"parent":14991,"menu_order":2,"comment_status":"closed","ping_status":"closed","template":"","meta":{"_acf_changed":false,"footnotes":""},"class_list":["post-15002","page","type-page","status-publish","hentry"],"acf":[],"_links":{"self":[{"href":"https:\/\/www.rarom.ro\/index.php?rest_route=\/wp\/v2\/pages\/15002","targetHints":{"allow":["GET"]}}],"collection":[{"href":"https:\/\/www.rarom.ro\/index.php?rest_route=\/wp\/v2\/pages"}],"about":[{"href":"https:\/\/www.rarom.ro\/index.php?rest_route=\/wp\/v2\/types\/page"}],"author":[{"embeddable":true,"href":"https:\/\/www.rarom.ro\/index.php?rest_route=\/wp\/v2\/users\/3"}],"replies":[{"embeddable":true,"href":"https:\/\/www.rarom.ro\/index.php?rest_route=%2Fwp%2Fv2%2Fcomments&post=15002"}],"version-history":[{"count":1,"href":"https:\/\/www.rarom.ro\/index.php?rest_route=\/wp\/v2\/pages\/15002\/revisions"}],"predecessor-version":[{"id":15007,"href":"https:\/\/www.rarom.ro\/index.php?rest_route=\/wp\/v2\/pages\/15002\/revisions\/15007"}],"up":[{"embeddable":true,"href":"https:\/\/www.rarom.ro\/index.php?rest_route=\/wp\/v2\/pages\/14991"}],"wp:attachment":[{"href":"https:\/\/www.rarom.ro\/index.php?rest_route=%2Fwp%2Fv2%2Fmedia&parent=15002"}],"curies":[{"name":"wp","href":"https:\/\/api.w.org\/{rel}","templated":true}]}}