{"id":14552,"date":"2023-02-06T13:34:08","date_gmt":"2023-02-06T11:34:08","guid":{"rendered":"https:\/\/www.rarom.ro\/?page_id=14552"},"modified":"2023-02-06T13:53:06","modified_gmt":"2023-02-06T11:53:06","slug":"sport","status":"publish","type":"page","link":"https:\/\/www.rarom.ro\/?page_id=14552","title":{"rendered":"Sport"},"content":{"rendered":"<p><strong>FRAS \u2013 Retrospectiv\u0103<\/strong><\/p>\n<p><img loading=\"lazy\" decoding=\"async\" class=\"aligncenter size-full wp-image-14553\" src=\"https:\/\/www.rarom.ro\/wp-content\/uploads\/2023\/02\/Sport-mare.jpg\" alt=\"\" width=\"730\" height=\"450\" srcset=\"https:\/\/www.rarom.ro\/wp-content\/uploads\/2023\/02\/Sport-mare.jpg 730w, https:\/\/www.rarom.ro\/wp-content\/uploads\/2023\/02\/Sport-mare-300x185.jpg 300w\" sizes=\"auto, (max-width: 730px) 100vw, 730px\" \/><\/p>\n<p style=\"text-align: justify;\"><img loading=\"lazy\" decoding=\"async\" class=\"size-full wp-image-14555 alignleft\" src=\"https:\/\/www.rarom.ro\/wp-content\/uploads\/2023\/02\/Sport-pagini.jpg\" alt=\"\" width=\"250\" height=\"165\" \/>\u00a0Competi\u021bie, adrenalin\u0103, fair-play \u0219i motiva\u021bie sunt cuvintele-cheie \u00een jurul c\u0103rora s-a desf\u0103\u0219urat anul competi\u021bional 2022, \u00een care automobilismul sportiv a oferit din plin motive pentru a ne bucura de sc\u00e2r\u021b\u00e2itul ro\u021bilor, sunetul inconfundabil al motoarelor \u0219i, implicit, talentul celor pentru care m\u00e2nuirea volanului pare s\u0103 nu mai aib\u0103 secrete. [\u2026]<\/p>\n","protected":false},"excerpt":{"rendered":"<p>FRAS \u2013 Retrospectiv\u0103 \u00a0Competi\u021bie, adrenalin\u0103, fair-play \u0219i motiva\u021bie sunt cuvintele-cheie \u00een jurul c\u0103rora s-a desf\u0103\u0219urat anul competi\u021bional 2022, \u00een care automobilismul sportiv a oferit din plin motive pentru a ne bucura de sc\u00e2r\u021b\u00e2itul ro\u021bilor, sunetul inconfundabil al motoarelor \u0219i, implicit, talentul celor pentru care m\u00e2nuirea volanului pare s\u0103 nu mai aib\u0103 secrete. [\u2026]<\/p>\n","protected":false},"author":3,"featured_media":0,"parent":14506,"menu_order":6,"comment_status":"closed","ping_status":"closed","template":"","meta":{"_acf_changed":false,"footnotes":""},"class_list":["post-14552","page","type-page","status-publish","hentry"],"acf":[],"_links":{"self":[{"href":"https:\/\/www.rarom.ro\/index.php?rest_route=\/wp\/v2\/pages\/14552","targetHints":{"allow":["GET"]}}],"collection":[{"href":"https:\/\/www.rarom.ro\/index.php?rest_route=\/wp\/v2\/pages"}],"about":[{"href":"https:\/\/www.rarom.ro\/index.php?rest_route=\/wp\/v2\/types\/page"}],"author":[{"embeddable":true,"href":"https:\/\/www.rarom.ro\/index.php?rest_route=\/wp\/v2\/users\/3"}],"replies":[{"embeddable":true,"href":"https:\/\/www.rarom.ro\/index.php?rest_route=%2Fwp%2Fv2%2Fcomments&post=14552"}],"version-history":[{"count":1,"href":"https:\/\/www.rarom.ro\/index.php?rest_route=\/wp\/v2\/pages\/14552\/revisions"}],"predecessor-version":[{"id":14557,"href":"https:\/\/www.rarom.ro\/index.php?rest_route=\/wp\/v2\/pages\/14552\/revisions\/14557"}],"up":[{"embeddable":true,"href":"https:\/\/www.rarom.ro\/index.php?rest_route=\/wp\/v2\/pages\/14506"}],"wp:attachment":[{"href":"https:\/\/www.rarom.ro\/index.php?rest_route=%2Fwp%2Fv2%2Fmedia&parent=14552"}],"curies":[{"name":"wp","href":"https:\/\/api.w.org\/{rel}","templated":true}]}}