{"id":14528,"date":"2023-02-06T13:28:41","date_gmt":"2023-02-06T11:28:41","guid":{"rendered":"https:\/\/www.rarom.ro\/?page_id=14528"},"modified":"2023-02-06T13:28:41","modified_gmt":"2023-02-06T11:28:41","slug":"interviu","status":"publish","type":"page","link":"https:\/\/www.rarom.ro\/?page_id=14528","title":{"rendered":"Interviu"},"content":{"rendered":"<p><strong>Gabriel Cove\u0219eanu<\/strong><\/p>\n<p><img loading=\"lazy\" decoding=\"async\" class=\"aligncenter size-full wp-image-14529\" src=\"https:\/\/www.rarom.ro\/wp-content\/uploads\/2023\/02\/Interviu-mare.jpg\" alt=\"\" width=\"730\" height=\"450\" srcset=\"https:\/\/www.rarom.ro\/wp-content\/uploads\/2023\/02\/Interviu-mare.jpg 730w, https:\/\/www.rarom.ro\/wp-content\/uploads\/2023\/02\/Interviu-mare-300x185.jpg 300w\" sizes=\"auto, (max-width: 730px) 100vw, 730px\" \/><\/p>\n<p style=\"text-align: justify;\"><img loading=\"lazy\" decoding=\"async\" class=\"size-full wp-image-14531 alignleft\" src=\"https:\/\/www.rarom.ro\/wp-content\/uploads\/2023\/02\/Inrterviu-pagini.jpg\" alt=\"\" width=\"250\" height=\"165\" \/>\u00a0Gabriel Cove\u0219eanu este actor, prezentator de emisiuni de televiziune \u0219i director de teatru. Prietenii \u00eei spun \u201eCove\u201d \u0219i a\u0219a este cunoscut \u0219i de fanii care \u00eel urm\u0103resc \u00een emisiuni de mai bine de 25 de ani. Este \u00eens\u0103 \u0219i foarte pasionat de ma\u0219ini, iar \u201edup\u0103 40 de ani\u201d \u0219i-a cump\u0103rat \u0219i motociclet\u0103. [\u2026]<\/p>\n","protected":false},"excerpt":{"rendered":"<p>Gabriel Cove\u0219eanu \u00a0Gabriel Cove\u0219eanu este actor, prezentator de emisiuni de televiziune \u0219i director de teatru. Prietenii \u00eei spun \u201eCove\u201d \u0219i a\u0219a este cunoscut \u0219i de fanii care \u00eel urm\u0103resc \u00een emisiuni de mai bine de 25 de ani. Este \u00eens\u0103 \u0219i foarte pasionat de ma\u0219ini, iar \u201edup\u0103 40 de ani\u201d \u0219i-a cump\u0103rat \u0219i motociclet\u0103. [\u2026]<\/p>\n","protected":false},"author":3,"featured_media":0,"parent":14506,"menu_order":2,"comment_status":"closed","ping_status":"closed","template":"","meta":{"_acf_changed":false,"footnotes":""},"class_list":["post-14528","page","type-page","status-publish","hentry"],"acf":[],"_links":{"self":[{"href":"https:\/\/www.rarom.ro\/index.php?rest_route=\/wp\/v2\/pages\/14528","targetHints":{"allow":["GET"]}}],"collection":[{"href":"https:\/\/www.rarom.ro\/index.php?rest_route=\/wp\/v2\/pages"}],"about":[{"href":"https:\/\/www.rarom.ro\/index.php?rest_route=\/wp\/v2\/types\/page"}],"author":[{"embeddable":true,"href":"https:\/\/www.rarom.ro\/index.php?rest_route=\/wp\/v2\/users\/3"}],"replies":[{"embeddable":true,"href":"https:\/\/www.rarom.ro\/index.php?rest_route=%2Fwp%2Fv2%2Fcomments&post=14528"}],"version-history":[{"count":1,"href":"https:\/\/www.rarom.ro\/index.php?rest_route=\/wp\/v2\/pages\/14528\/revisions"}],"predecessor-version":[{"id":14533,"href":"https:\/\/www.rarom.ro\/index.php?rest_route=\/wp\/v2\/pages\/14528\/revisions\/14533"}],"up":[{"embeddable":true,"href":"https:\/\/www.rarom.ro\/index.php?rest_route=\/wp\/v2\/pages\/14506"}],"wp:attachment":[{"href":"https:\/\/www.rarom.ro\/index.php?rest_route=%2Fwp%2Fv2%2Fmedia&parent=14528"}],"curies":[{"name":"wp","href":"https:\/\/api.w.org\/{rel}","templated":true}]}}