{"id":14514,"date":"2023-02-06T11:17:47","date_gmt":"2023-02-06T09:17:47","guid":{"rendered":"https:\/\/www.rarom.ro\/?page_id=14514"},"modified":"2023-02-06T11:17:47","modified_gmt":"2023-02-06T09:17:47","slug":"renault-austral","status":"publish","type":"page","link":"https:\/\/www.rarom.ro\/?page_id=14514","title":{"rendered":"Renault Austral"},"content":{"rendered":"<p><strong>Test: Renault Austral<\/strong><\/p>\n<p><img loading=\"lazy\" decoding=\"async\" class=\"aligncenter size-full wp-image-14515\" src=\"https:\/\/www.rarom.ro\/wp-content\/uploads\/2023\/02\/Test-Renault-mare.jpg\" alt=\"\" width=\"730\" height=\"450\" srcset=\"https:\/\/www.rarom.ro\/wp-content\/uploads\/2023\/02\/Test-Renault-mare.jpg 730w, https:\/\/www.rarom.ro\/wp-content\/uploads\/2023\/02\/Test-Renault-mare-300x185.jpg 300w\" sizes=\"auto, (max-width: 730px) 100vw, 730px\" \/><\/p>\n<p><img loading=\"lazy\" decoding=\"async\" class=\"size-full wp-image-14517 alignleft\" src=\"https:\/\/www.rarom.ro\/wp-content\/uploads\/2023\/02\/Test-Renault-pagini.jpg\" alt=\"\" width=\"250\" height=\"165\" \/><\/p>\n<p style=\"text-align: justify;\">Renault \u00ee\u015fi cimenteaz\u0103 prezen\u021ba \u00een segmentul compact cu noul model Austral care se al\u0103tur\u0103 astfel celor deja prezente \u2013 Megane \u015fi Arkana. Preia \u015ftafeta de la Kadjar \u015fi nu se sfie\u015fte s\u0103 arate c\u0103 are ambi\u0163ii mari. Altfel, de ce ar purta sigla \u201eEsprit Alpine\u201d pe aripile fa\u021b\u0103? [\u2026]<\/p>\n","protected":false},"excerpt":{"rendered":"<p>Test: Renault Austral Renault \u00ee\u015fi cimenteaz\u0103 prezen\u021ba \u00een segmentul compact cu noul model Austral care se al\u0103tur\u0103 astfel celor deja prezente \u2013 Megane \u015fi Arkana. Preia \u015ftafeta de la Kadjar \u015fi nu se sfie\u015fte s\u0103 arate c\u0103 are ambi\u0163ii mari. Altfel, de ce ar purta sigla \u201eEsprit Alpine\u201d pe aripile fa\u021b\u0103? [\u2026]<\/p>\n","protected":false},"author":3,"featured_media":0,"parent":14510,"menu_order":1,"comment_status":"closed","ping_status":"closed","template":"","meta":{"_acf_changed":false,"footnotes":""},"class_list":["post-14514","page","type-page","status-publish","hentry"],"acf":[],"_links":{"self":[{"href":"https:\/\/www.rarom.ro\/index.php?rest_route=\/wp\/v2\/pages\/14514","targetHints":{"allow":["GET"]}}],"collection":[{"href":"https:\/\/www.rarom.ro\/index.php?rest_route=\/wp\/v2\/pages"}],"about":[{"href":"https:\/\/www.rarom.ro\/index.php?rest_route=\/wp\/v2\/types\/page"}],"author":[{"embeddable":true,"href":"https:\/\/www.rarom.ro\/index.php?rest_route=\/wp\/v2\/users\/3"}],"replies":[{"embeddable":true,"href":"https:\/\/www.rarom.ro\/index.php?rest_route=%2Fwp%2Fv2%2Fcomments&post=14514"}],"version-history":[{"count":1,"href":"https:\/\/www.rarom.ro\/index.php?rest_route=\/wp\/v2\/pages\/14514\/revisions"}],"predecessor-version":[{"id":14519,"href":"https:\/\/www.rarom.ro\/index.php?rest_route=\/wp\/v2\/pages\/14514\/revisions\/14519"}],"up":[{"embeddable":true,"href":"https:\/\/www.rarom.ro\/index.php?rest_route=\/wp\/v2\/pages\/14510"}],"wp:attachment":[{"href":"https:\/\/www.rarom.ro\/index.php?rest_route=%2Fwp%2Fv2%2Fmedia&parent=14514"}],"curies":[{"name":"wp","href":"https:\/\/api.w.org\/{rel}","templated":true}]}}