{"id":14510,"date":"2023-02-06T11:16:01","date_gmt":"2023-02-06T09:16:01","guid":{"rendered":"https:\/\/www.rarom.ro\/?page_id=14510"},"modified":"2023-02-21T16:15:18","modified_gmt":"2023-02-21T14:15:18","slug":"teste","status":"publish","type":"page","link":"https:\/\/www.rarom.ro\/?page_id=14510","title":{"rendered":"Teste"},"content":{"rendered":"<p><img loading=\"lazy\" decoding=\"async\" class=\"aligncenter size-full wp-image-14511\" src=\"https:\/\/www.rarom.ro\/wp-content\/uploads\/2023\/02\/Februarie.jpg\" alt=\"\" width=\"730\" height=\"450\" srcset=\"https:\/\/www.rarom.ro\/wp-content\/uploads\/2023\/02\/Februarie.jpg 730w, https:\/\/www.rarom.ro\/wp-content\/uploads\/2023\/02\/Februarie-300x185.jpg 300w\" sizes=\"auto, (max-width: 730px) 100vw, 730px\" \/><\/p>\n<p><strong>HIBRID DE CURS\u0102 LUNG\u0102<\/strong><br \/>\n<strong>Test:<\/strong> <a href=\"https:\/\/www.rarom.ro\/?page_id=14514\">Renault Austral<\/a><\/p>\n<p><strong>DEPLASARE F\u0102R\u0102 AMBREIAJ<\/strong><br \/>\n<strong>Test:<\/strong> <a href=\"https:\/\/www.rarom.ro\/?page_id=14521\">Renault Arkana<\/a><\/p>\n","protected":false},"excerpt":{"rendered":"<p>HIBRID DE CURS\u0102 LUNG\u0102 Test: Renault Austral DEPLASARE F\u0102R\u0102 AMBREIAJ Test: Renault Arkana<\/p>\n","protected":false},"author":3,"featured_media":0,"parent":14506,"menu_order":1,"comment_status":"closed","ping_status":"closed","template":"","meta":{"_acf_changed":false,"footnotes":""},"class_list":["post-14510","page","type-page","status-publish","hentry"],"acf":[],"_links":{"self":[{"href":"https:\/\/www.rarom.ro\/index.php?rest_route=\/wp\/v2\/pages\/14510","targetHints":{"allow":["GET"]}}],"collection":[{"href":"https:\/\/www.rarom.ro\/index.php?rest_route=\/wp\/v2\/pages"}],"about":[{"href":"https:\/\/www.rarom.ro\/index.php?rest_route=\/wp\/v2\/types\/page"}],"author":[{"embeddable":true,"href":"https:\/\/www.rarom.ro\/index.php?rest_route=\/wp\/v2\/users\/3"}],"replies":[{"embeddable":true,"href":"https:\/\/www.rarom.ro\/index.php?rest_route=%2Fwp%2Fv2%2Fcomments&post=14510"}],"version-history":[{"count":3,"href":"https:\/\/www.rarom.ro\/index.php?rest_route=\/wp\/v2\/pages\/14510\/revisions"}],"predecessor-version":[{"id":14732,"href":"https:\/\/www.rarom.ro\/index.php?rest_route=\/wp\/v2\/pages\/14510\/revisions\/14732"}],"up":[{"embeddable":true,"href":"https:\/\/www.rarom.ro\/index.php?rest_route=\/wp\/v2\/pages\/14506"}],"wp:attachment":[{"href":"https:\/\/www.rarom.ro\/index.php?rest_route=%2Fwp%2Fv2%2Fmedia&parent=14510"}],"curies":[{"name":"wp","href":"https:\/\/api.w.org\/{rel}","templated":true}]}}