{"id":1346,"date":"2015-12-01T13:02:37","date_gmt":"2015-12-01T13:02:37","guid":{"rendered":"https:\/\/www.rarom.ro\/?page_id=1346"},"modified":"2022-07-05T08:55:55","modified_gmt":"2022-07-05T05:55:55","slug":"materiale-informative","status":"publish","type":"page","link":"https:\/\/www.rarom.ro\/?page_id=1346","title":{"rendered":"Materiale informative"},"content":{"rendered":"<p style=\"text-align: justify;\"><strong>1. <a href=\"https:\/\/www.rarom.ro\/cs-uploads\/RNTR%201.pdf\" target=\"_blank\" rel=\"noopener noreferrer\">Ordin pentru aprobarea Reglement\u0103rilor privind certificarea \u00eencadr\u0103rii vehiculelor rutiere \u00eenmatriculate \u00een normele tehnice privind siguran\u0163a circula\u0163iei rutiere, protec\u0163ia mediului \u015fi \u00een categoria de folosin\u0163\u0103 conform destina\u0163iei, prin inspec\u0163ia tehnic\u0103 periodic\u0103 &#8211; RNTR 1<\/a><\/strong><\/p>\n<p style=\"text-align: justify;\"><strong>2.\u00a0<a href=\"https:\/\/www.rarom.ro\/cs-uploads\/RNTR11.pdf\" target=\"_blank\" rel=\"noopener noreferrer\">Ordinul ministrului transporturilor \u0219i ministrului internelor \u0219i reformei administrative nr. 510\/230\/2007 pentru aprobarea Reglement\u0103rilor privind controlul tehnic \u00een trafic al vehiculelor rutiere \u2013 RNTR 11<\/a>\u00a0<\/strong>(publicat \u00een Monitorul Oficial al Rom\u00e2niei, Partea I, nr. 483 din 19 iulie 2007) <span style=\"color: #000000;\">\u2013\u00a0<em>Suport curs pentru activitatea specific\u0103 inspectorilor CTT din cadrul RAR RA.<\/em><\/span><\/p>\n<p style=\"text-align: justify;\"><strong>3.\u00a0<a href=\"https:\/\/www.rarom.ro\/cs-uploads\/ISCTR-OMTI_980-2011_actualizat_iunie-2022.pdf\" target=\"_blank\" rel=\"noopener noreferrer\">ORDIN nr. 980 din 30 noiembrie 2011 pentru aprobarea Normelor metodologice privind aplicarea prevederilor referitoare la organizarea \u015fi efectuarea transporturilor rutiere \u015fi a activit\u0103\u0163ilor conexe acestora stabilite prin Ordonan\u0163a Guvernului nr. 27\/2011 privind transporturile rutiere<\/a>\u00a0<\/strong>&#8211;<strong>\u00a0<\/strong><span style=\"color: #000000;\"><em>Suport curs pentru activitatea specific\u0103 inspectorilor CTT din cadru ISCTR<\/em><\/span><\/p>\n<p style=\"text-align: justify;\"><strong>4.\u00a0<a href=\"https:\/\/www.rarom.ro\/cs-uploads\/ISCTR-Norme-aprobate_OMTI_995-2011_actualizat_iunie-2022.pdf\" target=\"_blank\" rel=\"noopener noreferrer\">NORME METODOLOGICE din 7 decembrie 2011\u00a0privind modul de efectuare a inspec\u0163iilor \u015fi controlului asupra transporturilor rutiere, a activit\u0103\u0163ilor conexe acestora, a activit\u0103\u0163ii centrelor de preg\u0103tire \u015fi perfec\u0163ionare a personalului de specialitate din domeniul transporturilor rutiere, a activit\u0103\u0163ii \u015fcolilor de conduc\u0103tori auto \u015fi a activit\u0103\u0163ii instructorilor auto autoriza\u0163i<\/a>\u00a0<\/strong>&#8211;\u00a0<span style=\"color: #000000;\"><em>Suport curs pentru activitatea specific\u0103 inspectorilor CTT din cadru ISCTR<\/em><\/span><\/p>\n<p><strong>5.<\/strong> <a href=\"https:\/\/www.rarom.ro\/cs-uploads\/Extras.pdf\" target=\"_blank\" rel=\"noopener noreferrer\"><strong>Extras din legisla\u0163ia \u00een vigoare privind definirea categoriilor\u00a0 de vehicule<br \/>\n<\/strong><\/a>A. DEFINIREA CATEGORIILOR DE OMOLOGARE<br \/>\nB. DEFINIREA CATEGORIILOR DE FOLOSIN\u0162\u0102.<\/p>\n<p><strong>6. <a href=\"https:\/\/www.rarom.ro\/cs-uploads\/ident_vehiculelor.pdf\" target=\"_blank\" rel=\"noopener noreferrer\">IDENTIFICAREA VEHICULELOR<\/a><\/strong><\/p>\n<p><strong>7. <a href=\"https:\/\/www.rarom.ro\/cs-uploads\/GPL2009.pdf\" target=\"_blank\" rel=\"noopener noreferrer\">UTILIZAREA GPL DREPT COMBUSTIBIL PENTRU AUTOVEHICULE<\/a><\/strong> (Suport de curs pentru instruirea inspectorilor din sta\u0163iile ITP)<br \/>\nA. REGLEMENT\u0102RI \u015eI NORME TEHNICE<br \/>\nPartea I &#8211; Omologarea echipamentului special pentru alimentarea cu GPL a motoarelor autovehiculelor<br \/>\nPartea II &#8211; Omologarea unui vehicul \u00een ceea ce prive\u015fte montarea unor echipamente speciale pentru alimentarea motorului cu gaz petrolier lichefiat<br \/>\nB. Inspec\u0163ia tehnic\u0103 periodic\u0103 a autovehiculelor cu instala\u0163ie de alimentare cu GPL<\/p>\n<p><a href=\"https:\/\/www.rarom.ro\/cs-uploads\/scheme.pdf\" target=\"_blank\" rel=\"noopener noreferrer\"><strong>Scheme teorie GPL<\/strong><\/a><\/p>\n<p><strong>8. <a href=\"https:\/\/www.rarom.ro\/wp-content\/uploads\/2015\/12\/Utilizarea_GNC.pdf\">Utilizarea gazului natural comprimat (GNC) drept combustibil pentru autovehicule<\/a><\/strong><\/p>\n","protected":false},"excerpt":{"rendered":"<p>1. Ordin pentru aprobarea Reglement\u0103rilor privind certificarea \u00eencadr\u0103rii vehiculelor rutiere \u00eenmatriculate \u00een normele tehnice privind siguran\u0163a circula\u0163iei rutiere, protec\u0163ia mediului \u015fi \u00een categoria de folosin\u0163\u0103 conform destina\u0163iei, prin inspec\u0163ia tehnic\u0103 periodic\u0103 &#8211; RNTR 1 2.\u00a0Ordinul ministrului transporturilor \u0219i ministrului internelor \u0219i reformei administrative nr. 510\/230\/2007 pentru aprobarea Reglement\u0103rilor privind controlul tehnic \u00een trafic al vehiculelor [&hellip;]<\/p>\n","protected":false},"author":1,"featured_media":0,"parent":1340,"menu_order":4,"comment_status":"closed","ping_status":"closed","template":"","meta":{"_acf_changed":false,"footnotes":""},"class_list":["post-1346","page","type-page","status-publish","hentry"],"acf":[],"_links":{"self":[{"href":"https:\/\/www.rarom.ro\/index.php?rest_route=\/wp\/v2\/pages\/1346","targetHints":{"allow":["GET"]}}],"collection":[{"href":"https:\/\/www.rarom.ro\/index.php?rest_route=\/wp\/v2\/pages"}],"about":[{"href":"https:\/\/www.rarom.ro\/index.php?rest_route=\/wp\/v2\/types\/page"}],"author":[{"embeddable":true,"href":"https:\/\/www.rarom.ro\/index.php?rest_route=\/wp\/v2\/users\/1"}],"replies":[{"embeddable":true,"href":"https:\/\/www.rarom.ro\/index.php?rest_route=%2Fwp%2Fv2%2Fcomments&post=1346"}],"version-history":[{"count":11,"href":"https:\/\/www.rarom.ro\/index.php?rest_route=\/wp\/v2\/pages\/1346\/revisions"}],"predecessor-version":[{"id":13399,"href":"https:\/\/www.rarom.ro\/index.php?rest_route=\/wp\/v2\/pages\/1346\/revisions\/13399"}],"up":[{"embeddable":true,"href":"https:\/\/www.rarom.ro\/index.php?rest_route=\/wp\/v2\/pages\/1340"}],"wp:attachment":[{"href":"https:\/\/www.rarom.ro\/index.php?rest_route=%2Fwp%2Fv2%2Fmedia&parent=1346"}],"curies":[{"name":"wp","href":"https:\/\/api.w.org\/{rel}","templated":true}]}}