{"id":13163,"date":"2022-06-06T14:17:57","date_gmt":"2022-06-06T11:17:57","guid":{"rendered":"https:\/\/www.rarom.ro\/?page_id=13163"},"modified":"2022-06-06T14:23:55","modified_gmt":"2022-06-06T11:23:55","slug":"reportaj","status":"publish","type":"page","link":"https:\/\/www.rarom.ro\/?page_id=13163","title":{"rendered":"Reportaj"},"content":{"rendered":"<p><strong>Eric Stanciu<\/strong><\/p>\n<p><a href=\"https:\/\/www.rarom.ro\/wp-content\/uploads\/2022\/06\/Reportaj-mare.jpg\"><img loading=\"lazy\" decoding=\"async\" class=\"size-full wp-image-13164 aligncenter\" src=\"https:\/\/www.rarom.ro\/wp-content\/uploads\/2022\/06\/Reportaj-mare.jpg\" alt=\"\" width=\"730\" height=\"450\" srcset=\"https:\/\/www.rarom.ro\/wp-content\/uploads\/2022\/06\/Reportaj-mare.jpg 730w, https:\/\/www.rarom.ro\/wp-content\/uploads\/2022\/06\/Reportaj-mare-300x185.jpg 300w\" sizes=\"auto, (max-width: 730px) 100vw, 730px\" \/><\/a><\/p>\n<p style=\"text-align: justify;\"><img loading=\"lazy\" decoding=\"async\" class=\"alignleft size-full wp-image-13166\" src=\"https:\/\/www.rarom.ro\/wp-content\/uploads\/2022\/06\/Reportaj-pagini.jpg\" alt=\"\" width=\"250\" height=\"165\" \/>Eric Stanciu are 19 ani, dar deja \u015fi-a petrecut aproape jum\u0103tate din ace\u015ftia pe motociclete. La \u00eenceput, pe c\u00e2nd avea 10 ani \u015fi o motociclet\u0103 cross Kxd 125, \u201ezbura\u201d pe dealurile din jurul localit\u0103\u0163ii bunicilor, c\u00e2nd experimenta de unul singur stilul enduro \u015fi mai apoi, de la 16 ani, cu un KTM Duke 125, a descoperit pe asfalt c\u00e2t de mult \u00eei plac virajele. [&#8230;]<\/p>\n","protected":false},"excerpt":{"rendered":"<p>Eric Stanciu Eric Stanciu are 19 ani, dar deja \u015fi-a petrecut aproape jum\u0103tate din ace\u015ftia pe motociclete. La \u00eenceput, pe c\u00e2nd avea 10 ani \u015fi o motociclet\u0103 cross Kxd 125, \u201ezbura\u201d pe dealurile din jurul localit\u0103\u0163ii bunicilor, c\u00e2nd experimenta de unul singur stilul enduro \u015fi mai apoi, de la 16 ani, cu un KTM Duke [&hellip;]<\/p>\n","protected":false},"author":3,"featured_media":0,"parent":13099,"menu_order":6,"comment_status":"closed","ping_status":"closed","template":"","meta":{"_acf_changed":false,"footnotes":""},"class_list":["post-13163","page","type-page","status-publish","hentry"],"acf":[],"_links":{"self":[{"href":"https:\/\/www.rarom.ro\/index.php?rest_route=\/wp\/v2\/pages\/13163","targetHints":{"allow":["GET"]}}],"collection":[{"href":"https:\/\/www.rarom.ro\/index.php?rest_route=\/wp\/v2\/pages"}],"about":[{"href":"https:\/\/www.rarom.ro\/index.php?rest_route=\/wp\/v2\/types\/page"}],"author":[{"embeddable":true,"href":"https:\/\/www.rarom.ro\/index.php?rest_route=\/wp\/v2\/users\/3"}],"replies":[{"embeddable":true,"href":"https:\/\/www.rarom.ro\/index.php?rest_route=%2Fwp%2Fv2%2Fcomments&post=13163"}],"version-history":[{"count":1,"href":"https:\/\/www.rarom.ro\/index.php?rest_route=\/wp\/v2\/pages\/13163\/revisions"}],"predecessor-version":[{"id":13168,"href":"https:\/\/www.rarom.ro\/index.php?rest_route=\/wp\/v2\/pages\/13163\/revisions\/13168"}],"up":[{"embeddable":true,"href":"https:\/\/www.rarom.ro\/index.php?rest_route=\/wp\/v2\/pages\/13099"}],"wp:attachment":[{"href":"https:\/\/www.rarom.ro\/index.php?rest_route=%2Fwp%2Fv2%2Fmedia&parent=13163"}],"curies":[{"name":"wp","href":"https:\/\/api.w.org\/{rel}","templated":true}]}}