{"id":12823,"date":"2022-04-13T14:01:26","date_gmt":"2022-04-13T11:01:26","guid":{"rendered":"https:\/\/www.rarom.ro\/?page_id=12823"},"modified":"2022-04-13T14:01:26","modified_gmt":"2022-04-13T11:01:26","slug":"prezentare","status":"publish","type":"page","link":"https:\/\/www.rarom.ro\/?page_id=12823","title":{"rendered":"Prezentare"},"content":{"rendered":"<p><strong>Mazda CX-60<\/strong><\/p>\n<p><a href=\"https:\/\/www.rarom.ro\/wp-content\/uploads\/2022\/04\/Prezentare-mare.jpeg\"><img loading=\"lazy\" decoding=\"async\" class=\"size-full wp-image-12824 aligncenter\" src=\"https:\/\/www.rarom.ro\/wp-content\/uploads\/2022\/04\/Prezentare-mare.jpeg\" alt=\"\" width=\"730\" height=\"450\" srcset=\"https:\/\/www.rarom.ro\/wp-content\/uploads\/2022\/04\/Prezentare-mare.jpeg 730w, https:\/\/www.rarom.ro\/wp-content\/uploads\/2022\/04\/Prezentare-mare-300x185.jpeg 300w\" sizes=\"auto, (max-width: 730px) 100vw, 730px\" \/><\/a><\/p>\n<p style=\"text-align: justify;\"><img loading=\"lazy\" decoding=\"async\" class=\"alignleft size-full wp-image-12826\" src=\"https:\/\/www.rarom.ro\/wp-content\/uploads\/2022\/04\/Prezentare-pagini.jpg\" alt=\"\" width=\"250\" height=\"165\" \/>Cu noul SUV CX-60, care va fi cel mai mare automobil din gama sa, Mazda inten\u021bioneaz\u0103 s\u0103 joace pe terenul unor modele precum Mercedes GLC, Audi Q5, Volvo XC 60 \u0219i BMW X3. O mutare \u00eendr\u0103znea\u021b\u0103 pentru marca japonez\u0103 care p\u0103trunde astfel \u00een segmentul premium dominat de germani \u0219i suedezi. P\u00e2n\u0103 acum. [&#8230;]<\/p>\n","protected":false},"excerpt":{"rendered":"<p>Mazda CX-60 Cu noul SUV CX-60, care va fi cel mai mare automobil din gama sa, Mazda inten\u021bioneaz\u0103 s\u0103 joace pe terenul unor modele precum Mercedes GLC, Audi Q5, Volvo XC 60 \u0219i BMW X3. O mutare \u00eendr\u0103znea\u021b\u0103 pentru marca japonez\u0103 care p\u0103trunde astfel \u00een segmentul premium dominat de germani \u0219i suedezi. P\u00e2n\u0103 acum. [&#8230;]<\/p>\n","protected":false},"author":3,"featured_media":0,"parent":12777,"menu_order":3,"comment_status":"closed","ping_status":"closed","template":"","meta":{"_acf_changed":false,"footnotes":""},"class_list":["post-12823","page","type-page","status-publish","hentry"],"acf":[],"_links":{"self":[{"href":"https:\/\/www.rarom.ro\/index.php?rest_route=\/wp\/v2\/pages\/12823","targetHints":{"allow":["GET"]}}],"collection":[{"href":"https:\/\/www.rarom.ro\/index.php?rest_route=\/wp\/v2\/pages"}],"about":[{"href":"https:\/\/www.rarom.ro\/index.php?rest_route=\/wp\/v2\/types\/page"}],"author":[{"embeddable":true,"href":"https:\/\/www.rarom.ro\/index.php?rest_route=\/wp\/v2\/users\/3"}],"replies":[{"embeddable":true,"href":"https:\/\/www.rarom.ro\/index.php?rest_route=%2Fwp%2Fv2%2Fcomments&post=12823"}],"version-history":[{"count":1,"href":"https:\/\/www.rarom.ro\/index.php?rest_route=\/wp\/v2\/pages\/12823\/revisions"}],"predecessor-version":[{"id":12828,"href":"https:\/\/www.rarom.ro\/index.php?rest_route=\/wp\/v2\/pages\/12823\/revisions\/12828"}],"up":[{"embeddable":true,"href":"https:\/\/www.rarom.ro\/index.php?rest_route=\/wp\/v2\/pages\/12777"}],"wp:attachment":[{"href":"https:\/\/www.rarom.ro\/index.php?rest_route=%2Fwp%2Fv2%2Fmedia&parent=12823"}],"curies":[{"name":"wp","href":"https:\/\/api.w.org\/{rel}","templated":true}]}}