{"id":12795,"date":"2022-04-13T13:45:27","date_gmt":"2022-04-13T10:45:27","guid":{"rendered":"https:\/\/www.rarom.ro\/?page_id=12795"},"modified":"2022-04-13T13:54:56","modified_gmt":"2022-04-13T10:54:56","slug":"bmw-ix-xdrive-40","status":"publish","type":"page","link":"https:\/\/www.rarom.ro\/?page_id=12795","title":{"rendered":"Nissan Leaf"},"content":{"rendered":"<p><strong>Test: Nissan Leaf Tekna<\/strong><\/p>\n<p><a href=\"https:\/\/www.rarom.ro\/wp-content\/uploads\/2022\/04\/Test-Nissan-mare-2.jpg\"><img loading=\"lazy\" decoding=\"async\" class=\"size-full wp-image-12806 aligncenter\" src=\"https:\/\/www.rarom.ro\/wp-content\/uploads\/2022\/04\/Test-Nissan-mare-2.jpg\" alt=\"\" width=\"730\" height=\"449\" srcset=\"https:\/\/www.rarom.ro\/wp-content\/uploads\/2022\/04\/Test-Nissan-mare-2.jpg 730w, https:\/\/www.rarom.ro\/wp-content\/uploads\/2022\/04\/Test-Nissan-mare-2-300x185.jpg 300w\" sizes=\"auto, (max-width: 730px) 100vw, 730px\" \/><\/a><\/p>\n<p style=\"text-align: justify;\"><img loading=\"lazy\" decoding=\"async\" class=\"alignleft size-full wp-image-12808\" src=\"https:\/\/www.rarom.ro\/wp-content\/uploads\/2022\/04\/Test-Nissan-pagini-2.jpg\" alt=\"\" width=\"250\" height=\"165\" \/>Cu o carier\u0103 comercial\u0103 redutabil\u0103, Nissan Leaf \u00ee\u015fi consolideaz\u0103 pozi\u0163ia \u015fi imaginea odat\u0103 cu lansarea noului model. Dou\u0103 variante de propulsie 100% electrice \u015fi o suit\u0103 ambi\u0163ioas\u0103 de dot\u0103ri inteligente \u00eei creioneaz\u0103 ap\u0103sat o personalitate distinct\u0103 \u0219i modern\u0103. [&#8230;]<\/p>\n<p>&nbsp;<\/p>\n","protected":false},"excerpt":{"rendered":"<p>Test: Nissan Leaf Tekna Cu o carier\u0103 comercial\u0103 redutabil\u0103, Nissan Leaf \u00ee\u015fi consolideaz\u0103 pozi\u0163ia \u015fi imaginea odat\u0103 cu lansarea noului model. Dou\u0103 variante de propulsie 100% electrice \u015fi o suit\u0103 ambi\u0163ioas\u0103 de dot\u0103ri inteligente \u00eei creioneaz\u0103 ap\u0103sat o personalitate distinct\u0103 \u0219i modern\u0103. [&#8230;] &nbsp;<\/p>\n","protected":false},"author":3,"featured_media":0,"parent":12781,"menu_order":1,"comment_status":"closed","ping_status":"closed","template":"","meta":{"_acf_changed":false,"footnotes":""},"class_list":["post-12795","page","type-page","status-publish","hentry"],"acf":[],"_links":{"self":[{"href":"https:\/\/www.rarom.ro\/index.php?rest_route=\/wp\/v2\/pages\/12795","targetHints":{"allow":["GET"]}}],"collection":[{"href":"https:\/\/www.rarom.ro\/index.php?rest_route=\/wp\/v2\/pages"}],"about":[{"href":"https:\/\/www.rarom.ro\/index.php?rest_route=\/wp\/v2\/types\/page"}],"author":[{"embeddable":true,"href":"https:\/\/www.rarom.ro\/index.php?rest_route=\/wp\/v2\/users\/3"}],"replies":[{"embeddable":true,"href":"https:\/\/www.rarom.ro\/index.php?rest_route=%2Fwp%2Fv2%2Fcomments&post=12795"}],"version-history":[{"count":3,"href":"https:\/\/www.rarom.ro\/index.php?rest_route=\/wp\/v2\/pages\/12795\/revisions"}],"predecessor-version":[{"id":12810,"href":"https:\/\/www.rarom.ro\/index.php?rest_route=\/wp\/v2\/pages\/12795\/revisions\/12810"}],"up":[{"embeddable":true,"href":"https:\/\/www.rarom.ro\/index.php?rest_route=\/wp\/v2\/pages\/12781"}],"wp:attachment":[{"href":"https:\/\/www.rarom.ro\/index.php?rest_route=%2Fwp%2Fv2%2Fmedia&parent=12795"}],"curies":[{"name":"wp","href":"https:\/\/api.w.org\/{rel}","templated":true}]}}