{"id":12337,"date":"2021-12-08T13:12:44","date_gmt":"2021-12-08T11:12:44","guid":{"rendered":"https:\/\/www.rarom.ro\/?page_id=12337"},"modified":"2021-12-08T13:13:55","modified_gmt":"2021-12-08T11:13:55","slug":"interviu-2","status":"publish","type":"page","link":"https:\/\/www.rarom.ro\/?page_id=12337","title":{"rendered":"Interviu"},"content":{"rendered":"<p><strong>M\u0103d\u0103lina Piti\u0219<\/strong><\/p>\n<p><a href=\"https:\/\/www.rarom.ro\/wp-content\/uploads\/2021\/12\/Interviu-2-mare.jpg\"><img loading=\"lazy\" decoding=\"async\" class=\"size-full wp-image-12338 aligncenter\" src=\"https:\/\/www.rarom.ro\/wp-content\/uploads\/2021\/12\/Interviu-2-mare.jpg\" alt=\"\" width=\"730\" height=\"450\" srcset=\"https:\/\/www.rarom.ro\/wp-content\/uploads\/2021\/12\/Interviu-2-mare.jpg 730w, https:\/\/www.rarom.ro\/wp-content\/uploads\/2021\/12\/Interviu-2-mare-300x185.jpg 300w\" sizes=\"auto, (max-width: 730px) 100vw, 730px\" \/><\/a><\/p>\n<p style=\"text-align: justify;\"><img loading=\"lazy\" decoding=\"async\" class=\"alignleft size-full wp-image-12340\" src=\"https:\/\/www.rarom.ro\/wp-content\/uploads\/2021\/12\/Interviu-2-pagini.jpg\" alt=\"\" width=\"250\" height=\"165\" \/>\u00a0M\u0103d\u0103lina Piti\u0219 a descoperit mersul pe motociclet\u0103 dup\u0103 ce \u0219i-a g\u0103sit &#8222;omul&#8221;, iar fiecare c\u0103l\u0103torie pe dou\u0103 ro\u021bi i-a adus z\u00e2mbetul pe buze, pove\u0219ti fermec\u0103toare \u0219i senza\u021bii unice. A reu\u0219it, cumva, s\u0103-l \u00eembuneze \u0219i pe mo\u0219 Gigel, iar de atunci pleac\u0103 de acas\u0103 cu griji mai pu\u021bine \u00een bagaj. M\u0103d\u0103lina face parte din WIMA \u0219i este foarte \u00eenc\u00e2ntat\u0103 de prezen\u021ba \u00eentr-o asocia\u021bie care \u00eencurajeaz\u0103 femeile s\u0103 plece la drum cu motocicleta. [&#8230;]<\/p>\n","protected":false},"excerpt":{"rendered":"<p>M\u0103d\u0103lina Piti\u0219 \u00a0M\u0103d\u0103lina Piti\u0219 a descoperit mersul pe motociclet\u0103 dup\u0103 ce \u0219i-a g\u0103sit &#8222;omul&#8221;, iar fiecare c\u0103l\u0103torie pe dou\u0103 ro\u021bi i-a adus z\u00e2mbetul pe buze, pove\u0219ti fermec\u0103toare \u0219i senza\u021bii unice. A reu\u0219it, cumva, s\u0103-l \u00eembuneze \u0219i pe mo\u0219 Gigel, iar de atunci pleac\u0103 de acas\u0103 cu griji mai pu\u021bine \u00een bagaj. M\u0103d\u0103lina face parte din [&hellip;]<\/p>\n","protected":false},"author":3,"featured_media":0,"parent":12260,"menu_order":6,"comment_status":"closed","ping_status":"closed","template":"","meta":{"_acf_changed":false,"footnotes":""},"class_list":["post-12337","page","type-page","status-publish","hentry"],"acf":[],"_links":{"self":[{"href":"https:\/\/www.rarom.ro\/index.php?rest_route=\/wp\/v2\/pages\/12337","targetHints":{"allow":["GET"]}}],"collection":[{"href":"https:\/\/www.rarom.ro\/index.php?rest_route=\/wp\/v2\/pages"}],"about":[{"href":"https:\/\/www.rarom.ro\/index.php?rest_route=\/wp\/v2\/types\/page"}],"author":[{"embeddable":true,"href":"https:\/\/www.rarom.ro\/index.php?rest_route=\/wp\/v2\/users\/3"}],"replies":[{"embeddable":true,"href":"https:\/\/www.rarom.ro\/index.php?rest_route=%2Fwp%2Fv2%2Fcomments&post=12337"}],"version-history":[{"count":1,"href":"https:\/\/www.rarom.ro\/index.php?rest_route=\/wp\/v2\/pages\/12337\/revisions"}],"predecessor-version":[{"id":12342,"href":"https:\/\/www.rarom.ro\/index.php?rest_route=\/wp\/v2\/pages\/12337\/revisions\/12342"}],"up":[{"embeddable":true,"href":"https:\/\/www.rarom.ro\/index.php?rest_route=\/wp\/v2\/pages\/12260"}],"wp:attachment":[{"href":"https:\/\/www.rarom.ro\/index.php?rest_route=%2Fwp%2Fv2%2Fmedia&parent=12337"}],"curies":[{"name":"wp","href":"https:\/\/api.w.org\/{rel}","templated":true}]}}