{"id":11623,"date":"2021-09-07T11:51:36","date_gmt":"2021-09-07T08:51:36","guid":{"rendered":"https:\/\/www.rarom.ro\/?page_id=11623"},"modified":"2021-09-07T12:43:03","modified_gmt":"2021-09-07T09:43:03","slug":"bmw-x7-xdrive-40d","status":"publish","type":"page","link":"https:\/\/www.rarom.ro\/?page_id=11623","title":{"rendered":"BMW X7 xDrive 40d"},"content":{"rendered":"<p><strong>Test: BMW X7 xDrive 40d<\/strong><\/p>\n<p><a href=\"https:\/\/www.rarom.ro\/wp-content\/uploads\/2021\/09\/Test-BMW-mare.jpg\"><img loading=\"lazy\" decoding=\"async\" class=\"size-full wp-image-11624 aligncenter\" src=\"https:\/\/www.rarom.ro\/wp-content\/uploads\/2021\/09\/Test-BMW-mare.jpg\" alt=\"\" width=\"730\" height=\"450\" srcset=\"https:\/\/www.rarom.ro\/wp-content\/uploads\/2021\/09\/Test-BMW-mare.jpg 730w, https:\/\/www.rarom.ro\/wp-content\/uploads\/2021\/09\/Test-BMW-mare-300x185.jpg 300w\" sizes=\"auto, (max-width: 730px) 100vw, 730px\" \/><\/a><\/p>\n<p style=\"text-align: justify;\"><img loading=\"lazy\" decoding=\"async\" class=\"alignleft size-full wp-image-11626\" src=\"https:\/\/www.rarom.ro\/wp-content\/uploads\/2021\/09\/Test-BMW-pagini.jpg\" alt=\"\" width=\"250\" height=\"165\" \/>Jante de 22 inci, 17 butoane numai pe u\u015fa de la \u015fofer, interior complet robotizat cu \u015fapte locuri veritabile, climatizare cu cinci zone, peste 2,5 tone greutate \u015fi un ampatament de peste 3,1 metri sunt caracteristici care impun un respect suveran. \u00cen plus, BMW X7 40d xDrive este la fel de rapid ca micul bolid 128ti \u015fi are o gard\u0103 la sol mai mare dec\u00e2t un X5. [&#8230;]<\/p>\n","protected":false},"excerpt":{"rendered":"<p>Test: BMW X7 xDrive 40d Jante de 22 inci, 17 butoane numai pe u\u015fa de la \u015fofer, interior complet robotizat cu \u015fapte locuri veritabile, climatizare cu cinci zone, peste 2,5 tone greutate \u015fi un ampatament de peste 3,1 metri sunt caracteristici care impun un respect suveran. \u00cen plus, BMW X7 40d xDrive este la fel [&hellip;]<\/p>\n","protected":false},"author":3,"featured_media":0,"parent":11592,"menu_order":4,"comment_status":"closed","ping_status":"closed","template":"","meta":{"_acf_changed":false,"footnotes":""},"class_list":["post-11623","page","type-page","status-publish","hentry"],"acf":[],"_links":{"self":[{"href":"https:\/\/www.rarom.ro\/index.php?rest_route=\/wp\/v2\/pages\/11623","targetHints":{"allow":["GET"]}}],"collection":[{"href":"https:\/\/www.rarom.ro\/index.php?rest_route=\/wp\/v2\/pages"}],"about":[{"href":"https:\/\/www.rarom.ro\/index.php?rest_route=\/wp\/v2\/types\/page"}],"author":[{"embeddable":true,"href":"https:\/\/www.rarom.ro\/index.php?rest_route=\/wp\/v2\/users\/3"}],"replies":[{"embeddable":true,"href":"https:\/\/www.rarom.ro\/index.php?rest_route=%2Fwp%2Fv2%2Fcomments&post=11623"}],"version-history":[{"count":1,"href":"https:\/\/www.rarom.ro\/index.php?rest_route=\/wp\/v2\/pages\/11623\/revisions"}],"predecessor-version":[{"id":11628,"href":"https:\/\/www.rarom.ro\/index.php?rest_route=\/wp\/v2\/pages\/11623\/revisions\/11628"}],"up":[{"embeddable":true,"href":"https:\/\/www.rarom.ro\/index.php?rest_route=\/wp\/v2\/pages\/11592"}],"wp:attachment":[{"href":"https:\/\/www.rarom.ro\/index.php?rest_route=%2Fwp%2Fv2%2Fmedia&parent=11623"}],"curies":[{"name":"wp","href":"https:\/\/api.w.org\/{rel}","templated":true}]}}