{"id":11605,"date":"2021-09-07T11:38:45","date_gmt":"2021-09-07T08:38:45","guid":{"rendered":"https:\/\/www.rarom.ro\/?page_id=11605"},"modified":"2021-09-07T12:42:03","modified_gmt":"2021-09-07T09:42:03","slug":"mitsubishi-eclipse-cross-phev","status":"publish","type":"page","link":"https:\/\/www.rarom.ro\/?page_id=11605","title":{"rendered":"Mitsubishi Eclipse Cross PHEV"},"content":{"rendered":"<p><strong>Test: Mitsubishi Eclipse Cross PHEV<\/strong><\/p>\n<p><a href=\"https:\/\/www.rarom.ro\/wp-content\/uploads\/2021\/09\/Test-Mitsubishi-mare.jpg\"><img loading=\"lazy\" decoding=\"async\" class=\"size-full wp-image-11608 aligncenter\" src=\"https:\/\/www.rarom.ro\/wp-content\/uploads\/2021\/09\/Test-Mitsubishi-mare.jpg\" alt=\"\" width=\"730\" height=\"450\" srcset=\"https:\/\/www.rarom.ro\/wp-content\/uploads\/2021\/09\/Test-Mitsubishi-mare.jpg 730w, https:\/\/www.rarom.ro\/wp-content\/uploads\/2021\/09\/Test-Mitsubishi-mare-300x185.jpg 300w\" sizes=\"auto, (max-width: 730px) 100vw, 730px\" \/><\/a><\/p>\n<p style=\"text-align: justify;\"><img loading=\"lazy\" decoding=\"async\" class=\"alignleft size-full wp-image-11610\" src=\"https:\/\/www.rarom.ro\/wp-content\/uploads\/2021\/09\/Test-Mitsubishi-pagini.jpg\" alt=\"\" width=\"250\" height=\"165\" \/>Lansat acum patru ani \u00een Europa, Mitsubishi Eclipse Cross a c\u0103p\u0103tat recent c\u00e2teva retu\u0219uri \u0219i un nou mod de abordare a mobilit\u0103\u021bii cu un sistem PHEV. Av\u00e2nd \u00een spate experien\u021ba fratelui mai mare Outlander, modelul din clasa compact poate fi perceput ca un veritabil EV care a rezolvat \u00eentr-o bun\u0103 m\u0103sur\u0103 problema autonomiei. [&#8230;]<\/p>\n<p>&nbsp;<\/p>\n","protected":false},"excerpt":{"rendered":"<p>Test: Mitsubishi Eclipse Cross PHEV Lansat acum patru ani \u00een Europa, Mitsubishi Eclipse Cross a c\u0103p\u0103tat recent c\u00e2teva retu\u0219uri \u0219i un nou mod de abordare a mobilit\u0103\u021bii cu un sistem PHEV. Av\u00e2nd \u00een spate experien\u021ba fratelui mai mare Outlander, modelul din clasa compact poate fi perceput ca un veritabil EV care a rezolvat \u00eentr-o bun\u0103 [&hellip;]<\/p>\n","protected":false},"author":3,"featured_media":0,"parent":11592,"menu_order":2,"comment_status":"closed","ping_status":"closed","template":"","meta":{"_acf_changed":false,"footnotes":""},"class_list":["post-11605","page","type-page","status-publish","hentry"],"acf":[],"_links":{"self":[{"href":"https:\/\/www.rarom.ro\/index.php?rest_route=\/wp\/v2\/pages\/11605","targetHints":{"allow":["GET"]}}],"collection":[{"href":"https:\/\/www.rarom.ro\/index.php?rest_route=\/wp\/v2\/pages"}],"about":[{"href":"https:\/\/www.rarom.ro\/index.php?rest_route=\/wp\/v2\/types\/page"}],"author":[{"embeddable":true,"href":"https:\/\/www.rarom.ro\/index.php?rest_route=\/wp\/v2\/users\/3"}],"replies":[{"embeddable":true,"href":"https:\/\/www.rarom.ro\/index.php?rest_route=%2Fwp%2Fv2%2Fcomments&post=11605"}],"version-history":[{"count":3,"href":"https:\/\/www.rarom.ro\/index.php?rest_route=\/wp\/v2\/pages\/11605\/revisions"}],"predecessor-version":[{"id":11612,"href":"https:\/\/www.rarom.ro\/index.php?rest_route=\/wp\/v2\/pages\/11605\/revisions\/11612"}],"up":[{"embeddable":true,"href":"https:\/\/www.rarom.ro\/index.php?rest_route=\/wp\/v2\/pages\/11592"}],"wp:attachment":[{"href":"https:\/\/www.rarom.ro\/index.php?rest_route=%2Fwp%2Fv2%2Fmedia&parent=11605"}],"curies":[{"name":"wp","href":"https:\/\/api.w.org\/{rel}","templated":true}]}}