{"id":11455,"date":"2021-07-06T15:20:17","date_gmt":"2021-07-06T12:20:17","guid":{"rendered":"https:\/\/www.rarom.ro\/?page_id=11455"},"modified":"2021-07-07T09:27:55","modified_gmt":"2021-07-07T06:27:55","slug":"prezentare","status":"publish","type":"page","link":"https:\/\/www.rarom.ro\/?page_id=11455","title":{"rendered":"Prezentare"},"content":{"rendered":"<p><strong>Dacia Duster Facelift<\/strong><\/p>\n<p><a href=\"https:\/\/www.rarom.ro\/wp-content\/uploads\/2021\/07\/Prezentare-mare.jpg\"><img loading=\"lazy\" decoding=\"async\" class=\"size-full wp-image-11456 aligncenter\" src=\"https:\/\/www.rarom.ro\/wp-content\/uploads\/2021\/07\/Prezentare-mare.jpg\" alt=\"\" width=\"730\" height=\"450\" srcset=\"https:\/\/www.rarom.ro\/wp-content\/uploads\/2021\/07\/Prezentare-mare.jpg 730w, https:\/\/www.rarom.ro\/wp-content\/uploads\/2021\/07\/Prezentare-mare-300x185.jpg 300w\" sizes=\"auto, (max-width: 730px) 100vw, 730px\" \/><\/a><\/p>\n<p style=\"text-align: justify;\"><img loading=\"lazy\" decoding=\"async\" class=\"alignleft size-full wp-image-11458\" src=\"https:\/\/www.rarom.ro\/wp-content\/uploads\/2021\/07\/Prezentare-pagini.jpg\" alt=\"\" width=\"250\" height=\"165\" \/>Dup\u0103 patru ani de la apari\u021bia celei de-a doua genera\u021bii Dacia Duster, constructorul na\u021bional a decis c\u0103 este momentul unui nou pas care s\u0103-i aduc\u0103 modelului din portofoliu un &#8222;look&#8221; fre\u0219 \u0219i un plus de tehnologie. [&#8230;]<\/p>\n","protected":false},"excerpt":{"rendered":"<p>Dacia Duster Facelift Dup\u0103 patru ani de la apari\u021bia celei de-a doua genera\u021bii Dacia Duster, constructorul na\u021bional a decis c\u0103 este momentul unui nou pas care s\u0103-i aduc\u0103 modelului din portofoliu un &#8222;look&#8221; fre\u0219 \u0219i un plus de tehnologie. [&#8230;]<\/p>\n","protected":false},"author":3,"featured_media":0,"parent":11397,"menu_order":3,"comment_status":"closed","ping_status":"closed","template":"","meta":{"_acf_changed":false,"footnotes":""},"class_list":["post-11455","page","type-page","status-publish","hentry"],"acf":[],"_links":{"self":[{"href":"https:\/\/www.rarom.ro\/index.php?rest_route=\/wp\/v2\/pages\/11455","targetHints":{"allow":["GET"]}}],"collection":[{"href":"https:\/\/www.rarom.ro\/index.php?rest_route=\/wp\/v2\/pages"}],"about":[{"href":"https:\/\/www.rarom.ro\/index.php?rest_route=\/wp\/v2\/types\/page"}],"author":[{"embeddable":true,"href":"https:\/\/www.rarom.ro\/index.php?rest_route=\/wp\/v2\/users\/3"}],"replies":[{"embeddable":true,"href":"https:\/\/www.rarom.ro\/index.php?rest_route=%2Fwp%2Fv2%2Fcomments&post=11455"}],"version-history":[{"count":1,"href":"https:\/\/www.rarom.ro\/index.php?rest_route=\/wp\/v2\/pages\/11455\/revisions"}],"predecessor-version":[{"id":11460,"href":"https:\/\/www.rarom.ro\/index.php?rest_route=\/wp\/v2\/pages\/11455\/revisions\/11460"}],"up":[{"embeddable":true,"href":"https:\/\/www.rarom.ro\/index.php?rest_route=\/wp\/v2\/pages\/11397"}],"wp:attachment":[{"href":"https:\/\/www.rarom.ro\/index.php?rest_route=%2Fwp%2Fv2%2Fmedia&parent=11455"}],"curies":[{"name":"wp","href":"https:\/\/api.w.org\/{rel}","templated":true}]}}