{"id":10493,"date":"2020-12-10T11:18:49","date_gmt":"2020-12-10T09:18:49","guid":{"rendered":"https:\/\/www.rarom.ro\/?page_id=10493"},"modified":"2020-12-10T12:57:41","modified_gmt":"2020-12-10T10:57:41","slug":"bmw-530e-xdrive-sedan","status":"publish","type":"page","link":"https:\/\/www.rarom.ro\/?page_id=10493","title":{"rendered":"BMW 530e xDrive Sedan"},"content":{"rendered":"<p><strong>Test: BMW 530e xDrive Sedan<\/strong><\/p>\n<p><a href=\"https:\/\/www.rarom.ro\/wp-content\/uploads\/2020\/12\/Test-BMW-mare.jpg\"><img loading=\"lazy\" decoding=\"async\" class=\"size-full wp-image-10494 aligncenter\" src=\"https:\/\/www.rarom.ro\/wp-content\/uploads\/2020\/12\/Test-BMW-mare.jpg\" alt=\"\" width=\"730\" height=\"450\" srcset=\"https:\/\/www.rarom.ro\/wp-content\/uploads\/2020\/12\/Test-BMW-mare.jpg 730w, https:\/\/www.rarom.ro\/wp-content\/uploads\/2020\/12\/Test-BMW-mare-300x185.jpg 300w\" sizes=\"auto, (max-width: 730px) 100vw, 730px\" \/><\/a><\/p>\n<p style=\"text-align: justify;\"><a href=\"https:\/\/www.rarom.ro\/wp-content\/uploads\/2020\/12\/Test-BMW-pagini.jpg\"><img loading=\"lazy\" decoding=\"async\" class=\"alignleft size-full wp-image-10496\" src=\"https:\/\/www.rarom.ro\/wp-content\/uploads\/2020\/12\/Test-BMW-pagini.jpg\" alt=\"\" width=\"250\" height=\"165\" \/><\/a>BMW Seria 5 \u015fi-a \u00eemprosp\u0103tat \u00eenf\u0103\u0163i\u015farea \u0219i a reconfirmat orientarea produc\u0103torului bavarez spre electrificarea gamei sale de modele. \u015ei cum a\u015f fi putut experimenta mai bine acest salt estetic \u015fi tehnologic altfel dec\u00e2t de la bordul unei versiuni Luxury Line cu propulsie plug-in hybrid \u0219i trac\u0163iune xDrive? [&#8230;]<\/p>\n","protected":false},"excerpt":{"rendered":"<p>Test: BMW 530e xDrive Sedan BMW Seria 5 \u015fi-a \u00eemprosp\u0103tat \u00eenf\u0103\u0163i\u015farea \u0219i a reconfirmat orientarea produc\u0103torului bavarez spre electrificarea gamei sale de modele. \u015ei cum a\u015f fi putut experimenta mai bine acest salt estetic \u015fi tehnologic altfel dec\u00e2t de la bordul unei versiuni Luxury Line cu propulsie plug-in hybrid \u0219i trac\u0163iune xDrive? [&#8230;]<\/p>\n","protected":false},"author":3,"featured_media":0,"parent":10470,"menu_order":4,"comment_status":"closed","ping_status":"closed","template":"","meta":{"_acf_changed":false,"footnotes":""},"class_list":["post-10493","page","type-page","status-publish","hentry"],"acf":[],"_links":{"self":[{"href":"https:\/\/www.rarom.ro\/index.php?rest_route=\/wp\/v2\/pages\/10493","targetHints":{"allow":["GET"]}}],"collection":[{"href":"https:\/\/www.rarom.ro\/index.php?rest_route=\/wp\/v2\/pages"}],"about":[{"href":"https:\/\/www.rarom.ro\/index.php?rest_route=\/wp\/v2\/types\/page"}],"author":[{"embeddable":true,"href":"https:\/\/www.rarom.ro\/index.php?rest_route=\/wp\/v2\/users\/3"}],"replies":[{"embeddable":true,"href":"https:\/\/www.rarom.ro\/index.php?rest_route=%2Fwp%2Fv2%2Fcomments&post=10493"}],"version-history":[{"count":2,"href":"https:\/\/www.rarom.ro\/index.php?rest_route=\/wp\/v2\/pages\/10493\/revisions"}],"predecessor-version":[{"id":10554,"href":"https:\/\/www.rarom.ro\/index.php?rest_route=\/wp\/v2\/pages\/10493\/revisions\/10554"}],"up":[{"embeddable":true,"href":"https:\/\/www.rarom.ro\/index.php?rest_route=\/wp\/v2\/pages\/10470"}],"wp:attachment":[{"href":"https:\/\/www.rarom.ro\/index.php?rest_route=%2Fwp%2Fv2%2Fmedia&parent=10493"}],"curies":[{"name":"wp","href":"https:\/\/api.w.org\/{rel}","templated":true}]}}