{"id":10134,"date":"2020-08-31T13:49:01","date_gmt":"2020-08-31T10:49:01","guid":{"rendered":"https:\/\/www.rarom.ro\/?page_id=10134"},"modified":"2020-08-31T13:49:01","modified_gmt":"2020-08-31T10:49:01","slug":"renault-koleos","status":"publish","type":"page","link":"https:\/\/www.rarom.ro\/?page_id=10134","title":{"rendered":"Renault Koleos"},"content":{"rendered":"<p><strong>Test: Renault Koleos<\/strong><\/p>\n<p><a href=\"https:\/\/www.rarom.ro\/wp-content\/uploads\/2020\/08\/TestKoleos-mare-255.jpg\"><img loading=\"lazy\" decoding=\"async\" class=\"size-full wp-image-10137 aligncenter\" src=\"https:\/\/www.rarom.ro\/wp-content\/uploads\/2020\/08\/TestKoleos-mare-255.jpg\" alt=\"\" width=\"730\" height=\"450\" srcset=\"https:\/\/www.rarom.ro\/wp-content\/uploads\/2020\/08\/TestKoleos-mare-255.jpg 730w, https:\/\/www.rarom.ro\/wp-content\/uploads\/2020\/08\/TestKoleos-mare-255-300x185.jpg 300w\" sizes=\"auto, (max-width: 730px) 100vw, 730px\" \/><\/a><\/p>\n<p style=\"text-align: justify;\"><img loading=\"lazy\" decoding=\"async\" class=\"alignleft size-full wp-image-10135\" src=\"https:\/\/www.rarom.ro\/wp-content\/uploads\/2020\/08\/TestKoleos-pagini.jpg\" alt=\"\" width=\"250\" height=\"165\" \/>Koleos Initiale Paris este un exerci\u0163iu de stil cu care Renault \u00ee\u0219i tatoneaz\u0103 poten\u0163ialul de a surclasa standardul cu care \u015fi-a obi\u015fnuit clientela. Este vorba, a\u0219adar, despre cel mai luxos SUV din gama m\u0103rcii franceze. [&#8230;]<\/p>\n","protected":false},"excerpt":{"rendered":"<p>Test: Renault Koleos Koleos Initiale Paris este un exerci\u0163iu de stil cu care Renault \u00ee\u0219i tatoneaz\u0103 poten\u0163ialul de a surclasa standardul cu care \u015fi-a obi\u015fnuit clientela. Este vorba, a\u0219adar, despre cel mai luxos SUV din gama m\u0103rcii franceze. [&#8230;]<\/p>\n","protected":false},"author":3,"featured_media":0,"parent":10106,"menu_order":5,"comment_status":"closed","ping_status":"closed","template":"","meta":{"_acf_changed":false,"footnotes":""},"class_list":["post-10134","page","type-page","status-publish","hentry"],"acf":[],"_links":{"self":[{"href":"https:\/\/www.rarom.ro\/index.php?rest_route=\/wp\/v2\/pages\/10134","targetHints":{"allow":["GET"]}}],"collection":[{"href":"https:\/\/www.rarom.ro\/index.php?rest_route=\/wp\/v2\/pages"}],"about":[{"href":"https:\/\/www.rarom.ro\/index.php?rest_route=\/wp\/v2\/types\/page"}],"author":[{"embeddable":true,"href":"https:\/\/www.rarom.ro\/index.php?rest_route=\/wp\/v2\/users\/3"}],"replies":[{"embeddable":true,"href":"https:\/\/www.rarom.ro\/index.php?rest_route=%2Fwp%2Fv2%2Fcomments&post=10134"}],"version-history":[{"count":1,"href":"https:\/\/www.rarom.ro\/index.php?rest_route=\/wp\/v2\/pages\/10134\/revisions"}],"predecessor-version":[{"id":10139,"href":"https:\/\/www.rarom.ro\/index.php?rest_route=\/wp\/v2\/pages\/10134\/revisions\/10139"}],"up":[{"embeddable":true,"href":"https:\/\/www.rarom.ro\/index.php?rest_route=\/wp\/v2\/pages\/10106"}],"wp:attachment":[{"href":"https:\/\/www.rarom.ro\/index.php?rest_route=%2Fwp%2Fv2%2Fmedia&parent=10134"}],"curies":[{"name":"wp","href":"https:\/\/api.w.org\/{rel}","templated":true}]}}