{"id":10106,"date":"2020-08-31T13:40:35","date_gmt":"2020-08-31T10:40:35","guid":{"rendered":"https:\/\/www.rarom.ro\/?page_id=10106"},"modified":"2020-08-31T14:06:52","modified_gmt":"2020-08-31T11:06:52","slug":"teste","status":"publish","type":"page","link":"https:\/\/www.rarom.ro\/?page_id=10106","title":{"rendered":"Teste"},"content":{"rendered":"<p><a href=\"https:\/\/www.rarom.ro\/wp-content\/uploads\/2020\/08\/Septembrie-2020.jpg\"><img loading=\"lazy\" decoding=\"async\" class=\"size-full wp-image-10107 aligncenter\" src=\"https:\/\/www.rarom.ro\/wp-content\/uploads\/2020\/08\/Septembrie-2020.jpg\" alt=\"\" width=\"730\" height=\"450\" srcset=\"https:\/\/www.rarom.ro\/wp-content\/uploads\/2020\/08\/Septembrie-2020.jpg 730w, https:\/\/www.rarom.ro\/wp-content\/uploads\/2020\/08\/Septembrie-2020-300x185.jpg 300w\" sizes=\"auto, (max-width: 730px) 100vw, 730px\" \/><\/a><\/p>\n<p><strong>SPA\u021aIUL, ULTIMA FRONTIER\u0102&#8230;<\/strong><br \/>\n<strong>Test:<\/strong> <a href=\"https:\/\/www.rarom.ro\/?page_id=10110\">Honda Jazz e:HEV<\/a><\/p>\n<p><strong>\u00ceNT\u00c2LNIRE ELECTRIC\u0102<\/strong><br \/>\n<strong>Test:<\/strong> <a href=\"https:\/\/www.rarom.ro\/?page_id=10116\">Renault ZOE 50<\/a><\/p>\n<p><strong>ECONOMIA HIBRID\u0102<\/strong><br \/>\n<strong>Test:<\/strong> <a href=\"https:\/\/www.rarom.ro\/?page_id=10122\">Ford Kuga<\/a><\/p>\n<p><strong>SIMBIOZ\u0102 PERFECT\u0102<\/strong><br \/>\n<strong>Test:<\/strong> <a href=\"https:\/\/www.rarom.ro\/?page_id=10128\">BMW M340d xDrive Touring<\/a><\/p>\n<p><strong>MODEL DE TOP<\/strong><br \/>\n<strong>Test:<\/strong> <a href=\"https:\/\/www.rarom.ro\/?page_id=10134\">Renault Koleos<\/a><\/p>\n<p><strong>MADE IN ROM\u00c2NIA<\/strong><br \/>\n<strong>Test:<\/strong> <a href=\"https:\/\/www.rarom.ro\/?page_id=10140\">Ford Puma<\/a><\/p>\n<p><strong>DISTRAC\u021aIE \u0218I ADRENALIN\u0102<\/strong><br \/>\n<strong>Test:<\/strong> <a href=\"https:\/\/www.rarom.ro\/?page_id=10146\">BMW F900 XR<\/a><\/p>\n<p>&nbsp;<\/p>\n","protected":false},"excerpt":{"rendered":"<p>SPA\u021aIUL, ULTIMA FRONTIER\u0102&#8230; Test: Honda Jazz e:HEV \u00ceNT\u00c2LNIRE ELECTRIC\u0102 Test: Renault ZOE 50 ECONOMIA HIBRID\u0102 Test: Ford Kuga SIMBIOZ\u0102 PERFECT\u0102 Test: BMW M340d xDrive Touring MODEL DE TOP Test: Renault Koleos MADE IN ROM\u00c2NIA Test: Ford Puma DISTRAC\u021aIE \u0218I ADRENALIN\u0102 Test: BMW F900 XR &nbsp;<\/p>\n","protected":false},"author":3,"featured_media":0,"parent":10101,"menu_order":1,"comment_status":"closed","ping_status":"closed","template":"","meta":{"_acf_changed":false,"footnotes":""},"class_list":["post-10106","page","type-page","status-publish","hentry"],"acf":[],"_links":{"self":[{"href":"https:\/\/www.rarom.ro\/index.php?rest_route=\/wp\/v2\/pages\/10106","targetHints":{"allow":["GET"]}}],"collection":[{"href":"https:\/\/www.rarom.ro\/index.php?rest_route=\/wp\/v2\/pages"}],"about":[{"href":"https:\/\/www.rarom.ro\/index.php?rest_route=\/wp\/v2\/types\/page"}],"author":[{"embeddable":true,"href":"https:\/\/www.rarom.ro\/index.php?rest_route=\/wp\/v2\/users\/3"}],"replies":[{"embeddable":true,"href":"https:\/\/www.rarom.ro\/index.php?rest_route=%2Fwp%2Fv2%2Fcomments&post=10106"}],"version-history":[{"count":3,"href":"https:\/\/www.rarom.ro\/index.php?rest_route=\/wp\/v2\/pages\/10106\/revisions"}],"predecessor-version":[{"id":10179,"href":"https:\/\/www.rarom.ro\/index.php?rest_route=\/wp\/v2\/pages\/10106\/revisions\/10179"}],"up":[{"embeddable":true,"href":"https:\/\/www.rarom.ro\/index.php?rest_route=\/wp\/v2\/pages\/10101"}],"wp:attachment":[{"href":"https:\/\/www.rarom.ro\/index.php?rest_route=%2Fwp%2Fv2%2Fmedia&parent=10106"}],"curies":[{"name":"wp","href":"https:\/\/api.w.org\/{rel}","templated":true}]}}